Last updated on 2022-07-05 22:50:25 CEST.
Flavor | Version | Tinstall | Tcheck | Ttotal | Status | Flags |
---|---|---|---|---|---|---|
r-devel-linux-x86_64-debian-clang | 2.14.0 | 28.41 | 299.24 | 327.65 | OK | |
r-devel-linux-x86_64-debian-gcc | 2.14.0 | 19.74 | 220.38 | 240.12 | OK | |
r-devel-linux-x86_64-fedora-clang | 2.14.0 | 382.17 | OK | |||
r-devel-linux-x86_64-fedora-gcc | 2.14.0 | 385.15 | OK | |||
r-devel-windows-x86_64 | 2.14.0 | 81.00 | 336.00 | 417.00 | OK | |
r-patched-linux-x86_64 | 2.14.0 | 21.17 | 283.91 | 305.08 | OK | |
r-release-linux-x86_64 | 2.14.0 | 18.49 | 280.78 | 299.27 | OK | |
r-release-macos-arm64 | 2.14.0 | 120.00 | OK | |||
r-release-macos-x86_64 | 2.14.0 | 211.00 | OK | |||
r-release-windows-x86_64 | 2.14.0 | 108.00 | 335.00 | 443.00 | OK | |
r-oldrel-macos-arm64 | 2.14.0 | 107.00 | NOTE | |||
r-oldrel-macos-x86_64 | 2.14.0 | 167.00 | OK | |||
r-oldrel-windows-ix86+x86_64 | 2.14.0 | 49.00 | 324.00 | 373.00 | OK |
Version: 2.14.0
Check: package dependencies
Result: NOTE
Package suggested but not available for checking: ‘testthat’
Flavor: r-oldrel-macos-arm64