Last updated on 2022-07-03 22:50:36 CEST.
Flavor | Version | Tinstall | Tcheck | Ttotal | Status | Flags |
---|---|---|---|---|---|---|
r-devel-linux-x86_64-debian-clang | 1.12.2 | 14.12 | 142.21 | 156.33 | OK | |
r-devel-linux-x86_64-debian-gcc | 1.12.2 | 12.28 | 106.37 | 118.65 | OK | |
r-devel-linux-x86_64-fedora-clang | 1.12.2 | 192.11 | NOTE | |||
r-devel-linux-x86_64-fedora-gcc | 1.12.2 | 191.19 | OK | |||
r-devel-windows-x86_64 | 1.12.2 | 121.00 | 175.00 | 296.00 | OK | |
r-patched-linux-x86_64 | 1.12.2 | 16.99 | 133.82 | 150.81 | OK | |
r-release-linux-x86_64 | 1.12.2 | 9.74 | 137.57 | 147.31 | OK | |
r-release-macos-arm64 | 1.12.2 | 53.00 | OK | |||
r-release-macos-x86_64 | 1.12.2 | 89.00 | OK | |||
r-release-windows-x86_64 | 1.12.2 | 80.00 | 180.00 | 260.00 | OK | |
r-oldrel-macos-arm64 | 1.12.2 | 43.00 | OK | |||
r-oldrel-macos-x86_64 | 1.12.2 | 72.00 | OK | |||
r-oldrel-windows-ix86+x86_64 | 1.12.2 | 30.00 | 171.00 | 201.00 | OK |
Version: 1.12.2
Check: Rd cross-references
Result: NOTE
Undeclared package ‘tidyverse’ in Rd xrefs
Flavor: r-devel-linux-x86_64-fedora-clang