CRAN Package Check Results for Package iSDM

Last updated on 2019-09-14 22:48:28 CEST.

Flavor Version Tinstall Tcheck Ttotal Status Flags
r-devel-linux-x86_64-debian-clang 1.0 2.65 22.05 24.70 OK
r-devel-linux-x86_64-debian-gcc 1.0 2.16 17.91 20.07 OK
r-devel-linux-x86_64-fedora-clang 1.0 29.60 NOTE
r-devel-linux-x86_64-fedora-gcc 1.0 29.28 NOTE
r-devel-windows-ix86+x86_64 1.0 17.00 47.00 64.00 OK
r-patched-linux-x86_64 1.0 2.03 22.06 24.09 OK
r-patched-solaris-x86 1.0 44.80 NOTE
r-release-linux-x86_64 1.0 2.43 21.91 24.34 OK
r-release-windows-ix86+x86_64 1.0 7.00 57.00 64.00 OK
r-release-osx-x86_64 1.0 NOTE
r-oldrel-windows-ix86+x86_64 1.0 4.00 36.00 40.00 OK
r-oldrel-osx-x86_64 1.0 NOTE

Check Details

Version: 1.0
Check: dependencies in R code
Result: NOTE
    Namespaces in Imports field not imported from:
     ‘colorRamps’ ‘virtualspecies’
     All declared Imports should be used.
Flavors: r-devel-linux-x86_64-fedora-clang, r-devel-linux-x86_64-fedora-gcc, r-patched-solaris-x86, r-release-osx-x86_64, r-oldrel-osx-x86_64