CRAN Package Check Results for Package iTOP

Last updated on 2019-07-17 22:54:32 CEST.

Flavor Version Tinstall Tcheck Ttotal Status Flags
r-devel-linux-x86_64-debian-clang 1.0.2 2.16 102.79 104.95 OK
r-devel-linux-x86_64-debian-gcc 1.0.2 1.70 78.34 80.04 OK
r-devel-linux-x86_64-fedora-clang 1.0.2 118.37 OK
r-devel-linux-x86_64-fedora-gcc 1.0.2 124.34 OK
r-devel-windows-ix86+x86_64 1.0.2 8.00 146.00 154.00 OK
r-patched-linux-x86_64 1.0.2 1.84 99.71 101.55 OK
r-patched-solaris-x86 1.0.2 204.50 OK
r-release-linux-x86_64 1.0.2 2.07 100.04 102.11 OK
r-release-windows-ix86+x86_64 1.0.2 4.00 153.00 157.00 OK
r-release-osx-x86_64 1.0.2 WARN
r-oldrel-windows-ix86+x86_64 1.0.2 4.00 146.00 150.00 OK
r-oldrel-osx-x86_64 1.0.2 OK

Check Details

Version: 1.0.2
Check: package dependencies
Result: NOTE
    Packages suggested but not available for checking: 'pcalg', 'Rgraphviz'
Flavor: r-release-osx-x86_64

Version: 1.0.2
Check: re-building of vignette outputs
Result: WARN
    Error(s) in re-building vignettes:
    --- re-building ‘vignette.Rmd’ using rmarkdown
    Warning in engine$weave(file, quiet = quiet, encoding = enc) :
     Pandoc (>= 1.12.3) and/or pandoc-citeproc not available. Falling back to R Markdown v1.
    Loading required package: pkgmaker
    Loading required package: registry
    
    Attaching package: 'pkgmaker'
    
    The following object is masked from 'package:base':
    
     isFALSE
    
    Loading required package: rngtools
    Loading required package: cluster
    # NOTE - CRAN check detected: limiting maximum number of cores [2/8]
    NMF - BioConductor layer [NO: missing Biobase] | Shared memory capabilities [OK] | Cores 2/2 | CRAN check
     To enable the Bioconductor layer, try: install.extras('
    NMF
    ') [with Bioconductor repository enabled]
    Quitting from lines 94-99 (vignette.Rmd)
    Error: processing vignette 'vignette.Rmd' failed with diagnostics:
    there is no package called 'pcalg'
    --- failed re-building ‘vignette.Rmd’
    
    SUMMARY: processing the following file failed:
     ‘vignette.Rmd’
    
    Error: Vignette re-building failed.
    Execution halted
Flavor: r-release-osx-x86_64