CRAN Package Check Results for Package ialiquor

Last updated on 2023-09-22 23:05:01 CEST.

Flavor Version Tinstall Tcheck Ttotal Status Flags
r-devel-linux-x86_64-debian-clang 0.1.0 4.83 33.96 38.79 OK
r-devel-linux-x86_64-debian-gcc 0.1.0 4.62 27.10 31.72 OK
r-devel-linux-x86_64-fedora-clang 0.1.0 50.82 OK
r-devel-linux-x86_64-fedora-gcc 0.1.0 59.21 OK
r-devel-windows-x86_64 0.1.0 6.00 49.00 55.00 OK
r-patched-linux-x86_64 0.1.0 5.21 33.48 38.69 OK
r-release-linux-x86_64 0.1.0 4.96 33.30 38.26 OK
r-release-macos-arm64 0.1.0 27.00 OK
r-release-macos-x86_64 0.1.0 41.00 NOTE
r-release-windows-x86_64 0.1.0 6.00 51.00 57.00 OK
r-oldrel-macos-arm64 0.1.0 25.00 OK
r-oldrel-macos-x86_64 0.1.0 31.00 OK
r-oldrel-windows-x86_64 0.1.0 8.00 53.00 61.00 OK

Check Details

Version: 0.1.0
Check: installed package size
Result: NOTE
     installed size is 5.0Mb
     sub-directories of 1Mb or more:
     data 4.4Mb
Flavor: r-release-macos-x86_64