Last updated on 2024-04-18 22:52:44 CEST.
Flavor | Version | Tinstall | Tcheck | Ttotal | Status | Flags |
---|---|---|---|---|---|---|
r-devel-linux-x86_64-debian-clang | 0.6.0 | 4.18 | 54.45 | 58.63 | OK | |
r-devel-linux-x86_64-debian-gcc | 0.6.0 | 3.17 | 40.09 | 43.26 | OK | |
r-devel-linux-x86_64-fedora-clang | 0.6.0 | 71.48 | NOTE | |||
r-devel-linux-x86_64-fedora-gcc | 0.6.0 | 71.34 | NOTE | |||
r-prerel-macos-arm64 | 0.6.0 | 25.00 | OK | |||
r-prerel-macos-x86_64 | 0.6.0 | 62.00 | OK | |||
r-prerel-windows-x86_64 | 0.6.0 | 6.00 | 64.00 | 70.00 | OK | |
r-patched-linux-x86_64 | 0.6.0 | 4.75 | 51.40 | 56.15 | OK | |
r-release-linux-x86_64 | 0.6.0 | 3.11 | 51.21 | 54.32 | OK | |
r-release-macos-arm64 | 0.6.0 | 31.00 | OK | |||
r-release-macos-x86_64 | 0.6.0 | 50.00 | OK | |||
r-release-windows-x86_64 | 0.6.0 | 6.00 | 72.00 | 78.00 | OK | |
r-oldrel-macos-arm64 | 0.6.0 | 30.00 | OK | |||
r-oldrel-windows-x86_64 | 0.6.0 | 7.00 | 76.00 | 83.00 | OK |
Version: 0.6.0
Check: data for non-ASCII characters
Result: NOTE
Note: found 1 marked UTF-8 string
Flavors: r-devel-linux-x86_64-fedora-clang, r-devel-linux-x86_64-fedora-gcc