Last updated on 2024-04-25 22:49:10 CEST.
Flavor | Version | Tinstall | Tcheck | Ttotal | Status | Flags |
---|---|---|---|---|---|---|
r-devel-linux-x86_64-debian-clang | 1.0.0 | 19.66 | 28.46 | 48.12 | NOTE | |
r-devel-linux-x86_64-debian-gcc | 1.0.0 | 15.33 | 21.95 | 37.28 | NOTE | |
r-devel-linux-x86_64-fedora-clang | 1.0.0 | 67.83 | NOTE | |||
r-devel-linux-x86_64-fedora-gcc | 1.0.0 | 65.66 | NOTE | |||
r-devel-windows-x86_64 | 1.0.0 | 20.00 | 61.00 | 81.00 | NOTE | |
r-patched-linux-x86_64 | 1.0.0 | 19.94 | 27.57 | 47.51 | NOTE | |
r-release-linux-x86_64 | 1.0.0 | 20.67 | 27.49 | 48.16 | NOTE | |
r-release-macos-arm64 | 1.0.0 | 20.00 | NOTE | |||
r-release-windows-x86_64 | 1.0.0 | 18.00 | 58.00 | 76.00 | NOTE | |
r-oldrel-macos-arm64 | 1.0.0 | 24.00 | NOTE | |||
r-oldrel-macos-x86_64 | 1.0.0 | 33.00 | NOTE | |||
r-oldrel-windows-x86_64 | 1.0.0 | 19.00 | 68.00 | 87.00 | NOTE |
Version: 1.0.0
Check: LazyData
Result: NOTE
'LazyData' is specified without a 'data' directory
Flavors: r-devel-linux-x86_64-debian-clang, r-devel-linux-x86_64-debian-gcc, r-devel-linux-x86_64-fedora-clang, r-devel-linux-x86_64-fedora-gcc, r-devel-windows-x86_64, r-patched-linux-x86_64, r-release-linux-x86_64, r-release-macos-arm64, r-release-windows-x86_64, r-oldrel-macos-arm64, r-oldrel-macos-x86_64, r-oldrel-windows-x86_64
Version: 1.0.0
Check: compiled code
Result: NOTE
File ‘ibmcraftr/libs/ibmcraftr.so’:
Found no calls to: ‘R_registerRoutines’, ‘R_useDynamicSymbols’
It is good practice to register native routines and to disable symbol
search.
See ‘Writing portable packages’ in the ‘Writing R Extensions’ manual.
Flavors: r-devel-linux-x86_64-fedora-clang, r-devel-linux-x86_64-fedora-gcc