CRAN Package Check Results for Package icensBKL

Last updated on 2019-09-14 22:48:27 CEST.

Flavor Version Tinstall Tcheck Ttotal Status Flags
r-devel-linux-x86_64-debian-clang 1.1 8.00 66.26 74.26 NOTE
r-devel-linux-x86_64-debian-gcc 1.1 7.21 52.02 59.23 NOTE
r-devel-linux-x86_64-fedora-clang 1.1 88.86 NOTE
r-devel-linux-x86_64-fedora-gcc 1.1 89.00 NOTE
r-devel-windows-ix86+x86_64 1.1 24.00 81.00 105.00 OK
r-patched-linux-x86_64 1.1 8.52 65.11 73.63 NOTE
r-patched-solaris-x86 1.1 138.00 NOTE
r-release-linux-x86_64 1.1 7.45 64.59 72.04 NOTE
r-release-windows-ix86+x86_64 1.1 15.00 114.00 129.00 OK
r-release-osx-x86_64 1.1 ERROR
r-oldrel-windows-ix86+x86_64 1.1 12.00 73.00 85.00 OK
r-oldrel-osx-x86_64 1.1 NOTE

Check Details

Version: 1.1
Check: package dependencies
Result: NOTE
    Package suggested but not available for checking: 'DPpackage'
Flavors: r-devel-linux-x86_64-debian-clang, r-devel-linux-x86_64-debian-gcc, r-devel-linux-x86_64-fedora-clang, r-devel-linux-x86_64-fedora-gcc, r-patched-linux-x86_64, r-patched-solaris-x86, r-release-linux-x86_64

Version: 1.1
Check: package dependencies
Result: ERROR
    Package required but not available: ‘Icens’
    
    Packages suggested but not available for checking:
     'interval', 'mixAK', 'FHtest'
    
    See section ‘The DESCRIPTION file’ in the ‘Writing R Extensions’
    manual.
Flavor: r-release-osx-x86_64

Version: 1.1
Check: package dependencies
Result: NOTE
    Package suggested but not available for checking: ‘mixAK’
Flavor: r-oldrel-osx-x86_64