CRAN Package Check Results for Package icensBKL

Last updated on 2020-01-17 22:50:54 CET.

Flavor Version Tinstall Tcheck Ttotal Status Flags
r-devel-linux-x86_64-debian-clang 1.1 9.03 71.95 80.98 NOTE
r-devel-linux-x86_64-debian-gcc 1.1 8.00 56.41 64.41 WARN
r-devel-linux-x86_64-fedora-clang 1.1 98.89 WARN
r-devel-linux-x86_64-fedora-gcc 1.1 94.88 NOTE
r-devel-windows-ix86+x86_64 1.1 24.00 97.00 121.00 OK
r-devel-windows-ix86+x86_64-gcc8 1.1 18.00 120.00 138.00 NOTE
r-patched-linux-x86_64 1.1 9.14 64.25 73.39 NOTE
r-patched-solaris-x86 1.1 131.50 NOTE
r-release-linux-x86_64 1.1 7.59 64.88 72.47 NOTE
r-release-windows-ix86+x86_64 1.1 21.00 103.00 124.00 OK
r-release-osx-x86_64 1.1 NOTE
r-oldrel-windows-ix86+x86_64 1.1 12.00 74.00 86.00 OK
r-oldrel-osx-x86_64 1.1 NOTE

Check Details

Version: 1.1
Check: package dependencies
Result: NOTE
    Packages suggested but not available for checking:
     'DPpackage', 'frailtypack'
Flavor: r-devel-linux-x86_64-debian-clang

Version: 1.1
Check: package dependencies
Result: WARN
    Package suggested but not available for checking: ‘DPpackage’
    
    Requires orphaned package: ‘smoothSurv’
Flavors: r-devel-linux-x86_64-debian-gcc, r-devel-linux-x86_64-fedora-clang

Version: 1.1
Check: package dependencies
Result: NOTE
    Package suggested but not available for checking: ‘DPpackage’
Flavors: r-devel-linux-x86_64-fedora-gcc, r-devel-windows-ix86+x86_64-gcc8, r-patched-linux-x86_64, r-patched-solaris-x86, r-release-linux-x86_64

Version: 1.1
Check: package dependencies
Result: NOTE
    Package suggested but not available for checking: ‘mixAK’
Flavors: r-release-osx-x86_64, r-oldrel-osx-x86_64