CRAN Package Check Results for Package icpsrdata

Last updated on 2021-12-03 22:57:43 CET.

Flavor Version Tinstall Tcheck Ttotal Status Flags
r-devel-linux-x86_64-debian-clang 0.5.0 2.58 26.83 29.41 NOTE
r-devel-linux-x86_64-debian-gcc 0.5.0 2.02 22.25 24.27 NOTE
r-devel-linux-x86_64-fedora-clang 0.5.0 46.95 NOTE
r-devel-linux-x86_64-fedora-gcc 0.5.0 36.60 NOTE
r-devel-windows-x86_64-new-UL 0.5.0 8.00 64.00 72.00 NOTE
r-devel-windows-x86_64-new-TK 0.5.0 NOTE
r-devel-windows-x86_64-old 0.5.0 5.00 37.00 42.00 NOTE
r-patched-linux-x86_64 0.5.0 2.27 25.82 28.09 NOTE
r-release-linux-x86_64 0.5.0 2.45 25.45 27.90 NOTE
r-release-macos-arm64 0.5.0 NOTE
r-release-macos-x86_64 0.5.0 NOTE
r-release-windows-ix86+x86_64 0.5.0 7.00 45.00 52.00 NOTE
r-oldrel-macos-x86_64 0.5.0 OK
r-oldrel-windows-ix86+x86_64 0.5.0 6.00 44.00 50.00 OK

Check Details

Version: 0.5.0
Check: LazyData
Result: NOTE
     'LazyData' is specified without a 'data' directory
Flavors: r-devel-linux-x86_64-debian-clang, r-devel-linux-x86_64-debian-gcc, r-devel-linux-x86_64-fedora-clang, r-devel-linux-x86_64-fedora-gcc, r-devel-windows-x86_64-new-UL, r-devel-windows-x86_64-new-TK, r-devel-windows-x86_64-old, r-patched-linux-x86_64, r-release-linux-x86_64, r-release-macos-arm64, r-release-macos-x86_64, r-release-windows-ix86+x86_64