CRAN Package Check Results for Package idealstan

Last updated on 2019-09-18 22:52:39 CEST.

Flavor Version Tinstall Tcheck Ttotal Status Flags
r-devel-linux-x86_64-debian-clang 0.7.2 417.01 100.48 517.49 NOTE
r-devel-linux-x86_64-debian-gcc 0.7.2 402.96 90.97 493.93 NOTE
r-devel-linux-x86_64-fedora-clang 0.7.2 815.46 NOTE
r-devel-linux-x86_64-fedora-gcc 0.7.2 812.09 NOTE
r-devel-windows-ix86+x86_64 0.7.2 870.00 186.00 1056.00 NOTE
r-patched-linux-x86_64 0.7.2 409.16 110.61 519.77 NOTE
r-patched-solaris-x86 0.7.2 627.30 NOTE
r-release-linux-x86_64 0.7.2 396.30 112.37 508.67 NOTE
r-release-windows-ix86+x86_64 0.7.2 565.00 191.00 756.00 NOTE
r-release-osx-x86_64 0.7.2 NOTE
r-oldrel-windows-ix86+x86_64 0.7.2 560.00 170.00 730.00 NOTE
r-oldrel-osx-x86_64 0.7.2 NOTE

Check Details

Version: 0.7.2
Check: for GNU extensions in Makefiles
Result: NOTE
    GNU make is a SystemRequirements.
Flavors: r-devel-linux-x86_64-debian-clang, r-devel-linux-x86_64-debian-gcc, r-devel-linux-x86_64-fedora-clang, r-devel-linux-x86_64-fedora-gcc, r-devel-windows-ix86+x86_64, r-patched-linux-x86_64, r-patched-solaris-x86, r-release-linux-x86_64, r-release-windows-ix86+x86_64, r-release-osx-x86_64, r-oldrel-windows-ix86+x86_64, r-oldrel-osx-x86_64

Version: 0.7.2
Check: installed package size
Result: NOTE
     installed size is 75.0Mb
     sub-directories of 1Mb or more:
     doc 1.1Mb
     libs 73.2Mb
Flavors: r-devel-linux-x86_64-fedora-clang, r-devel-windows-ix86+x86_64, r-patched-solaris-x86, r-release-windows-ix86+x86_64, r-release-osx-x86_64, r-oldrel-windows-ix86+x86_64, r-oldrel-osx-x86_64