CRAN Package Check Results for Package idendr0

Last updated on 2021-11-30 22:54:33 CET.

Flavor Version Tinstall Tcheck Ttotal Status Flags
r-devel-linux-x86_64-debian-clang 1.5.3 6.31 38.61 44.92 NOTE
r-devel-linux-x86_64-debian-gcc 1.5.3 4.66 33.26 37.92 NOTE
r-devel-linux-x86_64-fedora-clang 1.5.3 71.64 NOTE
r-devel-linux-x86_64-fedora-gcc 1.5.3 58.81 NOTE
r-devel-windows-x86_64-new-UL 1.5.3 12.00 71.00 83.00 NOTE
r-devel-windows-x86_64-new-TK 1.5.3 NOTE
r-devel-windows-x86_64-old 1.5.3 8.00 37.00 45.00 OK
r-patched-linux-x86_64 1.5.3 6.92 39.21 46.13 NOTE
r-patched-solaris-x86 1.5.3 76.30 NOTE
r-release-linux-x86_64 1.5.3 5.69 39.23 44.92 NOTE
r-release-macos-arm64 1.5.3 NOTE
r-release-macos-x86_64 1.5.3 NOTE
r-release-windows-ix86+x86_64 1.5.3 9.00 39.00 48.00 OK
r-oldrel-macos-x86_64 1.5.3 NOTE
r-oldrel-windows-ix86+x86_64 1.5.3 7.00 50.00 57.00 OK

Check Details

Version: 1.5.3
Check: package dependencies
Result: NOTE
    Package suggested but not available for checking: 'rggobi'
Flavors: r-devel-linux-x86_64-debian-clang, r-devel-linux-x86_64-debian-gcc, r-devel-linux-x86_64-fedora-clang, r-devel-linux-x86_64-fedora-gcc, r-devel-windows-x86_64-new-UL, r-devel-windows-x86_64-new-TK, r-patched-linux-x86_64, r-patched-solaris-x86, r-release-linux-x86_64, r-release-macos-arm64, r-release-macos-x86_64, r-oldrel-macos-x86_64