CRAN Package Check Results for Package idiogramFISH

Last updated on 2021-07-27 01:50:47 CEST.

Flavor Version Tinstall Tcheck Ttotal Status Flags
r-devel-linux-x86_64-debian-clang 2.0.5 31.16 145.36 176.52 NOTE
r-devel-linux-x86_64-debian-gcc 2.0.5 28.80 104.64 133.44 OK
r-devel-linux-x86_64-fedora-clang 2.0.5 220.76 OK
r-devel-linux-x86_64-fedora-gcc 2.0.5 207.91 OK
r-devel-windows-x86_64 2.0.5 49.00 162.00 211.00 OK
r-devel-windows-x86_64-gcc10-UCRT 2.0.5 OK
r-patched-linux-x86_64 2.0.5 30.39 135.59 165.98 OK
r-patched-solaris-x86 2.0.5 254.60 OK
r-release-linux-x86_64 2.0.5 28.26 135.41 163.67 OK
r-release-macos-arm64 2.0.5 NOTE
r-release-macos-x86_64 2.0.5 NOTE
r-release-windows-ix86+x86_64 2.0.5 55.00 118.00 173.00 OK
r-oldrel-macos-x86_64 2.0.5 NOTE
r-oldrel-windows-ix86+x86_64 2.0.5 42.00 163.00 205.00 OK

Check Details

Version: 2.0.5
Check: package dependencies
Result: NOTE
    Package suggested but not available for checking: 'phytools'
Flavor: r-devel-linux-x86_64-debian-clang

Version: 2.0.5
Check: package dependencies
Result: NOTE
    Packages suggested but not available for checking: 'ggtree', 'treeio'
Flavors: r-release-macos-arm64, r-release-macos-x86_64, r-oldrel-macos-x86_64