CRAN Package Check Results for Package iemiscdata

Last updated on 2024-04-17 22:59:55 CEST.

Flavor Version Tinstall Tcheck Ttotal Status Flags
r-devel-linux-x86_64-debian-clang 1.0.1 5.46 192.42 197.88 OK
r-devel-linux-x86_64-debian-gcc 1.0.1 5.14 147.53 152.67 OK
r-devel-linux-x86_64-fedora-clang 1.0.1 250.29 NOTE
r-devel-linux-x86_64-fedora-gcc 1.0.1 257.31 NOTE
r-prerel-macos-arm64 1.0.1 72.00 ERROR
r-prerel-windows-x86_64 1.0.1 8.00 301.00 309.00 OK
r-patched-linux-x86_64 1.0.1 8.58 183.02 191.60 OK
r-release-linux-x86_64 1.0.1 5.89 185.75 191.64 OK
r-release-macos-arm64 1.0.1 115.00 OK
r-release-macos-x86_64 1.0.1 182.00 OK
r-release-windows-x86_64 1.0.1 8.00 313.00 321.00 OK
r-oldrel-macos-arm64 1.0.1 89.00 OK
r-oldrel-windows-x86_64 1.0.1 11.00 305.00 316.00 OK

Check Details

Version: 1.0.1
Check: data for non-ASCII characters
Result: NOTE Note: found 366 marked UTF-8 strings Flavors: r-devel-linux-x86_64-fedora-clang, r-devel-linux-x86_64-fedora-gcc

Version: 1.0.1
Check: re-building of vignette outputs
Result: ERROR Error(s) in re-building vignettes: --- re-building ‘East-Palestine-Ohio_Norfolk-Southern-Train-32N-Cargo_Chemical-Databases.Rmd’ using rmarkdown --- finished re-building ‘East-Palestine-Ohio_Norfolk-Southern-Train-32N-Cargo_Chemical-Databases.Rmd’ --- re-building ‘Mannings-n-examples.Rmd’ using rmarkdown --- finished re-building ‘Mannings-n-examples.Rmd’ --- re-building ‘TN_ExceptionalMap.Rmd’ using rmarkdown Quitting from lines 23-90 [unnamed-chunk-1] (TN_ExceptionalMap.Rmd) Error: processing vignette 'TN_ExceptionalMap.Rmd' failed with diagnostics: could not find function "lat_long2state" --- failed re-building ‘TN_ExceptionalMap.Rmd’ --- re-building ‘Tables_with_Notes.Rmd’ using rmarkdown --- finished re-building ‘Tables_with_Notes.Rmd’ --- re-building ‘US_Locations_Fukushima_Radiation_Sampled_2011.Rmd’ using rmarkdown --- finished re-building ‘US_Locations_Fukushima_Radiation_Sampled_2011.Rmd’ --- re-building ‘View-PDF-table.Rmd’ using rmarkdown --- finished re-building ‘View-PDF-table.Rmd’ --- re-building ‘Weighted_CN-and-Composite_CN_Examples.Rmd’ using rmarkdown --- finished re-building ‘Weighted_CN-and-Composite_CN_Examples.Rmd’ SUMMARY: processing the following file failed: ‘TN_ExceptionalMap.Rmd’ Error: Vignette re-building failed. Execution halted Flavor: r-prerel-macos-arm64