Last updated on 2024-03-28 23:01:47 CET.
Flavor | Version | Tinstall | Tcheck | Ttotal | Status | Flags |
---|---|---|---|---|---|---|
r-devel-linux-x86_64-debian-clang | 0.2.0 | 7.22 | 122.26 | 129.48 | OK | |
r-devel-linux-x86_64-debian-gcc | 0.2.0 | 7.27 | 85.79 | 93.06 | OK | |
r-devel-linux-x86_64-fedora-clang | 0.2.0 | 170.21 | NOTE | |||
r-devel-linux-x86_64-fedora-gcc | 0.2.0 | 181.51 | NOTE | |||
r-devel-windows-x86_64 | 0.2.0 | 8.00 | 98.00 | 106.00 | OK | |
r-patched-linux-x86_64 | 0.2.0 | 9.75 | 119.48 | 129.23 | OK | |
r-release-linux-x86_64 | 0.2.0 | 8.05 | 119.67 | 127.72 | OK | |
r-release-macos-arm64 | 0.2.0 | 62.00 | OK | |||
r-release-macos-x86_64 | 0.2.0 | 179.00 | OK | |||
r-release-windows-x86_64 | 0.2.0 | 10.00 | 116.00 | 126.00 | OK | |
r-oldrel-macos-arm64 | 0.2.0 | 74.00 | OK | |||
r-oldrel-windows-x86_64 | 0.2.0 | 12.00 | 119.00 | 131.00 | OK |
Version: 0.2.0
Check: data for non-ASCII characters
Result: NOTE
Note: found 160 marked UTF-8 strings
Flavors: r-devel-linux-x86_64-fedora-clang, r-devel-linux-x86_64-fedora-gcc