CRAN Package Check Results for Package igraph

Last updated on 2019-10-16 22:56:00 CEST.

Flavor Version Tinstall Tcheck Ttotal Status Flags
r-devel-linux-x86_64-debian-clang 1.2.4.1 248.64 242.82 491.46 OK
r-devel-linux-x86_64-debian-gcc 1.2.4.1 158.17 190.78 348.95 OK
r-devel-linux-x86_64-fedora-clang 1.2.4.1 647.51 NOTE
r-devel-linux-x86_64-fedora-gcc 1.2.4.1 567.22 OK
r-devel-windows-ix86+x86_64 1.2.4.1 813.00 687.00 1500.00 WARN
r-patched-linux-x86_64 1.2.4.1 179.54 243.14 422.68 OK
r-patched-solaris-x86 1.2.4.1 1016.60 NOTE
r-release-linux-x86_64 1.2.4.1 179.58 243.33 422.91 OK
r-release-windows-ix86+x86_64 1.2.4.1 589.00 777.00 1366.00 NOTE
r-release-osx-x86_64 1.2.4.1 NOTE
r-oldrel-windows-ix86+x86_64 1.2.4.1 590.00 682.00 1272.00 NOTE
r-oldrel-osx-x86_64 1.2.4.1 NOTE

Additional issues

LTO

Check Details

Version: 1.2.4.1
Check: installed package size
Result: NOTE
     installed size is 16.5Mb
     sub-directories of 1Mb or more:
     R 1.4Mb
     help 1.1Mb
     libs 13.5Mb
Flavors: r-devel-linux-x86_64-fedora-clang, r-devel-windows-ix86+x86_64, r-patched-solaris-x86, r-release-windows-ix86+x86_64, r-release-osx-x86_64, r-oldrel-windows-ix86+x86_64, r-oldrel-osx-x86_64

Version: 1.2.4.1
Check: whether package can be installed
Result: WARN
    Found the following significant warnings:
     uuid/gen_uuid.c:321:11: warning: ordered comparison of pointer with integer zero [-Wpedantic]
Flavor: r-devel-windows-ix86+x86_64

Version: 1.2.4.1
Check: package dependencies
Result: NOTE
    Package suggested but not available for checking: ‘graph’
Flavor: r-release-osx-x86_64