CRAN Package Check Results for Package igraph

Last updated on 2019-07-16 07:50:49 CEST.

Flavor Version Tinstall Tcheck Ttotal Status Flags
r-devel-linux-x86_64-debian-clang 1.2.4.1 227.30 247.01 474.31 OK
r-devel-linux-x86_64-debian-gcc 1.2.4.1 158.42 193.98 352.40 OK
r-devel-linux-x86_64-fedora-clang 1.2.4.1 630.22 NOTE
r-devel-linux-x86_64-fedora-gcc 1.2.4.1 614.53 OK
r-devel-windows-ix86+x86_64 1.2.4.1 767.00 468.00 1235.00 NOTE
r-patched-linux-x86_64 1.2.4.1 187.92 250.78 438.70 OK
r-patched-solaris-x86 1.2.4.1 805.10 NOTE
r-release-linux-x86_64 1.2.4.1 185.06 250.29 435.35 OK
r-release-windows-ix86+x86_64 1.2.4.1 596.00 697.00 1293.00 NOTE
r-release-osx-x86_64 1.2.4.1 NOTE
r-oldrel-windows-ix86+x86_64 1.2.4.1 798.00 651.00 1449.00 NOTE
r-oldrel-osx-x86_64 1.2.4.1 NOTE

Additional issues

LTO

Check Details

Version: 1.2.4.1
Check: installed package size
Result: NOTE
     installed size is 16.1Mb
     sub-directories of 1Mb or more:
     R 1.4Mb
     help 1.1Mb
     libs 13.1Mb
Flavors: r-devel-linux-x86_64-fedora-clang, r-devel-windows-ix86+x86_64, r-patched-solaris-x86, r-release-windows-ix86+x86_64, r-release-osx-x86_64, r-oldrel-windows-ix86+x86_64, r-oldrel-osx-x86_64

Version: 1.2.4.1
Check: package dependencies
Result: NOTE
    Package suggested but not available for checking: ‘graph’
Flavor: r-release-osx-x86_64