Last updated on 2024-04-18 22:52:45 CEST.
Flavor | Version | Tinstall | Tcheck | Ttotal | Status | Flags |
---|---|---|---|---|---|---|
r-devel-linux-x86_64-debian-clang | 1.2.1 | 7.16 | 63.12 | 70.28 | NOTE | |
r-devel-linux-x86_64-debian-gcc | 1.2.1 | 5.32 | 46.44 | 51.76 | NOTE | |
r-devel-linux-x86_64-fedora-clang | 1.2.1 | 86.33 | NOTE | |||
r-devel-linux-x86_64-fedora-gcc | 1.2.1 | 81.44 | NOTE | |||
r-prerel-macos-arm64 | 1.2.1 | 38.00 | NOTE | |||
r-prerel-windows-x86_64 | 1.2.1 | 8.00 | 65.00 | 73.00 | NOTE | |
r-patched-linux-x86_64 | 1.2.1 | 7.33 | 59.33 | 66.66 | NOTE | |
r-release-linux-x86_64 | 1.2.1 | 5.06 | 58.02 | 63.08 | NOTE | |
r-release-macos-arm64 | 1.2.1 | 33.00 | NOTE | |||
r-release-macos-x86_64 | 1.2.1 | 42.00 | NOTE | |||
r-release-windows-x86_64 | 1.2.1 | 10.00 | 73.00 | 83.00 | NOTE | |
r-oldrel-macos-arm64 | 1.2.1 | 35.00 | NOTE | |||
r-oldrel-windows-x86_64 | 1.2.1 | 12.00 | 78.00 | 90.00 | NOTE |
Version: 1.2.1
Check: LazyData
Result: NOTE
'LazyData' is specified without a 'data' directory
Flavors: r-devel-linux-x86_64-debian-clang, r-devel-linux-x86_64-debian-gcc, r-devel-linux-x86_64-fedora-clang, r-devel-linux-x86_64-fedora-gcc, r-prerel-macos-arm64, r-prerel-windows-x86_64, r-patched-linux-x86_64, r-release-linux-x86_64, r-release-macos-arm64, r-release-macos-x86_64, r-release-windows-x86_64, r-oldrel-macos-arm64, r-oldrel-windows-x86_64