CRAN Package Check Results for Package ihpdr

Last updated on 2024-02-24 21:40:22 CET.

Flavor Version Tinstall Tcheck Ttotal Status Flags
r-devel-linux-x86_64-debian-clang 1.2.1 6.93 61.84 68.77 NOTE
r-devel-linux-x86_64-debian-gcc 1.2.1 5.23 47.20 52.43 NOTE
r-devel-linux-x86_64-fedora-clang 1.2.1 88.97 NOTE
r-devel-linux-x86_64-fedora-gcc 1.2.1 84.96 NOTE
r-devel-windows-x86_64 1.2.1 7.00 65.00 72.00 NOTE
r-patched-linux-x86_64 1.2.1 5.62 58.39 64.01 NOTE
r-release-linux-x86_64 1.2.1 3.97 58.51 62.48 NOTE
r-release-macos-arm64 1.2.1 33.00 NOTE
r-release-macos-x86_64 1.2.1 42.00 NOTE
r-release-windows-x86_64 1.2.1 9.00 73.00 82.00 NOTE
r-oldrel-macos-arm64 1.2.1 35.00 NOTE
r-oldrel-windows-x86_64 1.2.1 9.00 77.00 86.00 NOTE

Check Details

Version: 1.2.1
Check: LazyData
Result: NOTE 'LazyData' is specified without a 'data' directory Flavors: r-devel-linux-x86_64-debian-clang, r-devel-linux-x86_64-debian-gcc, r-devel-linux-x86_64-fedora-clang, r-devel-linux-x86_64-fedora-gcc, r-devel-windows-x86_64, r-patched-linux-x86_64, r-release-linux-x86_64, r-release-macos-arm64, r-release-macos-x86_64, r-release-windows-x86_64, r-oldrel-macos-arm64, r-oldrel-windows-x86_64