CRAN Package Check Results for Package ijtiff

Last updated on 2019-09-17 22:48:09 CEST.

Flavor Version Tinstall Tcheck Ttotal Status Flags
r-devel-linux-x86_64-debian-clang 2.0.3 16.47 78.08 94.55 OK
r-devel-linux-x86_64-debian-gcc 2.0.3 13.03 63.81 76.84 OK
r-devel-linux-x86_64-fedora-clang 2.0.3 121.95 OK
r-devel-linux-x86_64-fedora-gcc 2.0.3 118.21 OK
r-devel-windows-ix86+x86_64 2.0.3 57.00 96.00 153.00 OK
r-patched-linux-x86_64 2.0.3 14.91 76.47 91.38 OK
r-patched-solaris-x86 2.0.3 109.60 OK
r-release-linux-x86_64 2.0.3 14.31 77.29 91.60 OK
r-release-windows-ix86+x86_64 2.0.3 34.00 95.00 129.00 OK
r-release-osx-x86_64 2.0.3 WARN
r-oldrel-windows-ix86+x86_64 2.0.3 56.00 85.00 141.00 OK
r-oldrel-osx-x86_64 2.0.3 NOTE

Check Details

Version: 2.0.3
Check: package dependencies
Result: NOTE
    Package suggested but not available for checking: ‘EBImage’
Flavor: r-release-osx-x86_64

Version: 2.0.3
Check: installed package size
Result: NOTE
     installed size is 5.1Mb
     sub-directories of 1Mb or more:
     libs 3.2Mb
Flavors: r-release-osx-x86_64, r-oldrel-osx-x86_64

Version: 2.0.3
Check: Rd cross-references
Result: NOTE
    Package unavailable to check Rd xrefs: ‘EBImage’
Flavor: r-release-osx-x86_64

Version: 2.0.3
Check: re-building of vignette outputs
Result: WARN
    Error(s) in re-building vignettes:
    --- re-building ‘reading-and-writing-images.Rmd’ using rmarkdown
    Warning in engine$weave(file, quiet = quiet, encoding = enc) :
     Pandoc (>= 1.12.3) and/or pandoc-citeproc not available. Falling back to R Markdown v1.
    Using basic display functionality.
     * For better display functionality, install the EBImage package.
     * To install `EBImage`:
     - Install `BiocManager` with `install.packages("BiocManager")`.
     - Then run `BiocManager::install("EBImage")`.
    Quitting from lines 50-62 (reading-and-writing-images.Rmd)
    Error: processing vignette 'reading-and-writing-images.Rmd' failed with diagnostics:
    figure margins too large
    --- failed re-building ‘reading-and-writing-images.Rmd’
    
    --- re-building ‘text-images.Rmd’ using rmarkdown
    Warning in engine$weave(file, quiet = quiet, encoding = enc) :
     Pandoc (>= 1.12.3) and/or pandoc-citeproc not available. Falling back to R Markdown v1.
    --- finished re-building ‘text-images.Rmd’
    
    --- re-building ‘the-imagej-problem.Rmd’ using rmarkdown
    Warning in engine$weave(file, quiet = quiet, encoding = enc) :
     Pandoc (>= 1.12.3) and/or pandoc-citeproc not available. Falling back to R Markdown v1.
    Reading Rlogo-banana-red_green.tif: an 8-bit, 155x200 pixel
    image of unsigned integer type. Reading 2 channels and 3
    frames . . .
    <08> Done.
    Using basic display functionality.
     * For better display functionality, install the EBImage package.
     * To install `EBImage`:
     - Install `BiocManager` with `install.packages("BiocManager")`.
     - Then run `BiocManager::install("EBImage")`.
    Quitting from lines 52-64 (the-imagej-problem.Rmd)
    Error: processing vignette 'the-imagej-problem.Rmd' failed with diagnostics:
    figure margins too large
    --- failed re-building ‘the-imagej-problem.Rmd’
    
    SUMMARY: processing the following files failed:
     ‘reading-and-writing-images.Rmd’ ‘the-imagej-problem.Rmd’
    
    Error: Vignette re-building failed.
    Execution halted
Flavor: r-release-osx-x86_64