CRAN Package Check Results for Package image.dlib

Last updated on 2021-07-31 22:53:33 CEST.

Flavor Version Tinstall Tcheck Ttotal Status Flags
r-devel-linux-x86_64-debian-clang 0.1.0 68.28 29.20 97.48 OK
r-devel-linux-x86_64-debian-gcc 0.1.0 45.85 22.44 68.29 OK
r-devel-linux-x86_64-fedora-clang 0.1.0 145.34 NOTE
r-devel-linux-x86_64-fedora-gcc 0.1.0 124.47 OK
r-devel-windows-x86_64 0.1.0 73.00 59.00 132.00 NOTE
r-devel-windows-x86_64-gcc10-UCRT 0.1.0 ERROR
r-patched-linux-x86_64 0.1.0 OK
r-patched-solaris-x86 0.1.0 135.20 NOTE
r-release-linux-x86_64 0.1.0 55.52 27.30 82.82 OK
r-release-macos-arm64 0.1.0 ERROR
r-release-macos-x86_64 0.1.0 NOTE
r-release-windows-ix86+x86_64 0.1.0 176.00 61.00 237.00 NOTE
r-oldrel-macos-x86_64 0.1.0 NOTE
r-oldrel-windows-ix86+x86_64 0.1.0 131.00 84.00 215.00 NOTE

Check Details

Version: 0.1.0
Check: installed package size
Result: NOTE
     installed size is 13.7Mb
     sub-directories of 1Mb or more:
     dlib-19.20 9.3Mb
     libs 3.8Mb
Flavors: r-devel-linux-x86_64-fedora-clang, r-devel-windows-x86_64, r-patched-solaris-x86, r-release-macos-arm64, r-release-macos-x86_64, r-release-windows-ix86+x86_64, r-oldrel-macos-x86_64, r-oldrel-windows-ix86+x86_64

Version: 0.1.0
Check: whether package can be installed
Result: ERROR
    Installation failed.
Flavor: r-devel-windows-x86_64-gcc10-UCRT

Version: 0.1.0
Check: examples
Result: ERROR
    Running examples in ‘image.dlib-Ex.R’ failed
    The error most likely occurred in:
    
    > ### Name: image_surf
    > ### Title: Find SURF points in an image
    > ### Aliases: image_surf
    >
    > ### ** Examples
    >
    > library(magick)
    Linking to ImageMagick 6.9.12.3
    Enabled features: cairo, fontconfig, freetype, heic, lcms, pango, raw, rsvg, webp
    Disabled features: fftw, ghostscript, x11
    > f <- system.file("extdata", "cruise_boat.png", package = "image.dlib")
    > x <- image_read(f)
    > x
     format width height colorspace matte filesize density
    1 PNG 654 400 sRGB FALSE 273271 28x28
    > surf_blobs <- image_data(x, channels = "rgb")
    > surf_blobs <- as.integer(surf_blobs, transpose = FALSE)
    > surf_blobs <- image_surf(surf_blobs, max_points = 10000, detection_threshold = 50)
    > str(surf_blobs)
    List of 8
     $ points : num 150
     $ x : num [1:150] 161 161 164 196 260 ...
     $ y : num [1:150] 279 280 258 255 266 ...
     $ angle : num [1:150] -3.09 3.14 2.39 2.12 -1.45 ...
     $ pyramid_scale: num [1:150] 3.67 3.8 2.09 2.23 2.24 ...
     $ score : num [1:150] 948 884 631 545 491 ...
     $ laplacian : num [1:150] -1 -1 -1 -1 -1 -1 -1 -1 -1 -1 ...
     $ surf : num [1:150, 1:64] 0.00473 0.00974 -0.04304 -0.00386 0.01034 ...
    >
    > library(magick)
    > plt <- image_draw(x)
    Fontconfig error: Cannot load default config file
    Error in graphics::mtext(sprintf("help(\"%s\")", nameEx()), side = 4, :
     R: UnableToReadFont `helvetica' @ error/annotate.c/RenderFreetype/1396
Flavor: r-release-macos-arm64