Last updated on 2024-04-18 22:52:45 CEST.
Flavor | Version | Tinstall | Tcheck | Ttotal | Status | Flags |
---|---|---|---|---|---|---|
r-devel-linux-x86_64-debian-clang | 0.2.3 | 112.41 | 62.04 | 174.45 | OK | |
r-devel-linux-x86_64-debian-gcc | 0.2.3 | 83.53 | 22.98 | 106.51 | OK | |
r-devel-linux-x86_64-fedora-gcc | 0.2.3 | 238.46 | OK | |||
r-prerel-macos-arm64 | 0.2.3 | 49.00 | NOTE | |||
r-prerel-windows-x86_64 | 0.2.3 | 97.00 | 131.00 | 228.00 | NOTE | |
r-patched-linux-x86_64 | 0.2.3 | 108.38 | 29.58 | 137.96 | OK | |
r-release-linux-x86_64 | 0.2.3 | 100.67 | 29.67 | 130.34 | OK | |
r-release-macos-arm64 | 0.2.3 | 54.00 | NOTE | |||
r-release-macos-x86_64 | 0.2.3 | 77.00 | NOTE | |||
r-release-windows-x86_64 | 0.2.3 | 90.00 | 132.00 | 222.00 | NOTE | |
r-oldrel-macos-arm64 | 0.2.3 | 54.00 | NOTE | |||
r-oldrel-windows-x86_64 | 0.2.3 | 138.00 | 121.00 | 259.00 | NOTE |
Version: 0.2.3
Check: installed package size
Result: NOTE
installed size is 21.7Mb
sub-directories of 1Mb or more:
libs 10.5Mb
share 10.2Mb
Flavors: r-prerel-macos-arm64, r-prerel-windows-x86_64, r-release-macos-arm64, r-release-macos-x86_64, r-release-windows-x86_64, r-oldrel-macos-arm64, r-oldrel-windows-x86_64