CRAN Package Check Results for Package imageData

Last updated on 2019-09-15 22:49:22 CEST.

Flavor Version Tinstall Tcheck Ttotal Status Flags
r-devel-linux-x86_64-debian-clang 0.1-59 16.06 124.86 140.92 OK
r-devel-linux-x86_64-debian-gcc 0.1-59 12.24 94.91 107.15 OK
r-devel-linux-x86_64-fedora-clang 0.1-59 162.68 OK
r-devel-linux-x86_64-fedora-gcc 0.1-59 166.15 OK
r-devel-windows-ix86+x86_64 0.1-59 27.00 6.00 33.00 ERROR
r-patched-linux-x86_64 0.1-59 16.15 118.99 135.14 OK
r-patched-solaris-x86 0.1-59 231.40 OK
r-release-linux-x86_64 0.1-59 14.11 116.49 130.60 OK
r-release-windows-ix86+x86_64 0.1-59 37.00 205.00 242.00 OK
r-release-osx-x86_64 0.1-59 OK
r-oldrel-windows-ix86+x86_64 0.1-59 30.00 120.00 150.00 OK
r-oldrel-osx-x86_64 0.1-59 OK

Check Details

Version: 0.1-59
Check: whether package can be installed
Result: ERROR
    Installation failed.
Flavor: r-devel-windows-ix86+x86_64