CRAN Package Check Results for Package imager

Last updated on 2021-05-08 22:48:31 CEST.

Flavor Version Tinstall Tcheck Ttotal Status Flags
r-devel-linux-x86_64-debian-clang 0.42.8 649.13 172.90 822.03 OK
r-devel-linux-x86_64-debian-gcc 0.42.8 527.98 130.77 658.75 OK
r-devel-linux-x86_64-fedora-clang 0.42.8 1206.92 NOTE
r-devel-linux-x86_64-fedora-gcc 0.42.8 1187.72 OK
r-devel-windows-ix86+x86_64 0.42.8 1021.00 357.00 1378.00 NOTE
r-devel-windows-x86_64-gcc10-UCRT 0.42.8 OK
r-patched-linux-x86_64 0.42.8 592.46 166.33 758.79 OK
r-patched-solaris-x86 0.42.8 914.30 NOTE
r-release-linux-x86_64 0.42.8 572.82 163.55 736.37 OK
r-release-macos-x86_64 0.42.8 NOTE
r-release-windows-ix86+x86_64 0.42.8 1032.00 282.00 1314.00 NOTE
r-oldrel-macos-x86_64 0.42.8 NOTE
r-oldrel-windows-ix86+x86_64 0.42.8 1219.00 353.00 1572.00 NOTE

Additional issues

gcc11

Check Details

Version: 0.42.8
Check: installed package size
Result: NOTE
     installed size is 47.7Mb
     sub-directories of 1Mb or more:
     data 1.4Mb
     doc 5.4Mb
     extdata 1.1Mb
     include 3.0Mb
     libs 36.2Mb
Flavors: r-devel-linux-x86_64-fedora-clang, r-devel-windows-ix86+x86_64, r-patched-solaris-x86, r-release-macos-x86_64, r-release-windows-ix86+x86_64, r-oldrel-macos-x86_64, r-oldrel-windows-ix86+x86_64