Last updated on 2024-04-18 22:52:45 CEST.
Flavor | Version | Tinstall | Tcheck | Ttotal | Status | Flags |
---|---|---|---|---|---|---|
r-devel-linux-x86_64-debian-clang | 0.5.0 | 14.57 | 118.33 | 132.90 | NOTE | |
r-devel-linux-x86_64-debian-gcc | 0.5.0 | 9.98 | 87.82 | 97.80 | NOTE | |
r-devel-linux-x86_64-fedora-clang | 0.5.0 | 176.76 | NOTE | |||
r-devel-linux-x86_64-fedora-gcc | 0.5.0 | 172.40 | NOTE | |||
r-prerel-macos-arm64 | 0.5.0 | 50.00 | NOTE | |||
r-prerel-windows-x86_64 | 0.5.0 | 11.00 | 101.00 | 112.00 | NOTE | |
r-patched-linux-x86_64 | 0.5.0 | 12.96 | 111.26 | 124.22 | NOTE | |
r-release-linux-x86_64 | 0.5.0 | 12.79 | 112.92 | 125.71 | OK | |
r-release-macos-arm64 | 0.5.0 | 59.00 | OK | |||
r-release-macos-x86_64 | 0.5.0 | 92.00 | OK | |||
r-release-windows-x86_64 | 0.5.0 | 15.00 | 119.00 | 134.00 | OK | |
r-oldrel-macos-arm64 | 0.5.0 | 52.00 | OK | |||
r-oldrel-windows-x86_64 | 0.5.0 | 17.00 | 124.00 | 141.00 | OK |
Version: 0.5.0
Check: Rd files
Result: NOTE
checkRd: (-1) imagesToKerasInput.Rd:23: Lost braces
23 | \item{grayscale}{logical. Defines color channels of images: 1 if code{TRUE}, 3 if \code{FALSE}.}
| ^
Flavors: r-devel-linux-x86_64-debian-clang, r-devel-linux-x86_64-debian-gcc, r-devel-linux-x86_64-fedora-clang, r-devel-linux-x86_64-fedora-gcc, r-prerel-macos-arm64, r-prerel-windows-x86_64, r-patched-linux-x86_64