CRAN Package Check Results for Package imgrec

Last updated on 2020-02-17 22:49:34 CET.

Flavor Version Tinstall Tcheck Ttotal Status Flags
r-devel-linux-x86_64-debian-clang 0.1.0 4.45 37.11 41.56 OK
r-devel-linux-x86_64-debian-gcc 0.1.0 3.86 28.77 32.63 OK
r-devel-linux-x86_64-fedora-clang 0.1.0 51.60 NOTE
r-devel-linux-x86_64-fedora-gcc 0.1.0 49.98 NOTE
r-devel-windows-ix86+x86_64 0.1.0 9.00 48.00 57.00 OK
r-devel-windows-ix86+x86_64-gcc8 0.1.0 17.00 69.00 86.00 OK
r-patched-linux-x86_64 0.1.0 4.03 32.31 36.34 OK
r-patched-solaris-x86 0.1.0 67.70 NOTE
r-release-linux-x86_64 0.1.0 3.49 32.56 36.05 OK
r-release-windows-ix86+x86_64 0.1.0 8.00 48.00 56.00 OK
r-release-osx-x86_64 0.1.0 NOTE
r-oldrel-windows-ix86+x86_64 0.1.0 5.00 48.00 53.00 OK
r-oldrel-osx-x86_64 0.1.0 NOTE

Check Details

Version: 0.1.0
Check: dependencies in R code
Result: NOTE
    Namespace in Imports field not imported from: ‘knitr’
     All declared Imports should be used.
Flavors: r-devel-linux-x86_64-fedora-clang, r-devel-linux-x86_64-fedora-gcc, r-patched-solaris-x86, r-release-osx-x86_64, r-oldrel-osx-x86_64