CRAN Package Check Results for Package imgrec

Last updated on 2019-09-16 22:49:24 CEST.

Flavor Version Tinstall Tcheck Ttotal Status Flags
r-devel-linux-x86_64-debian-clang 0.1.0 3.91 32.46 36.37 OK
r-devel-linux-x86_64-debian-gcc 0.1.0 3.46 26.10 29.56 OK
r-devel-linux-x86_64-fedora-clang 0.1.0 45.58 NOTE
r-devel-linux-x86_64-fedora-gcc 0.1.0 44.82 NOTE
r-devel-windows-ix86+x86_64 0.1.0 22.00 49.00 71.00 OK
r-patched-linux-x86_64 0.1.0 3.81 31.85 35.66 OK
r-patched-solaris-x86 0.1.0 68.60 NOTE
r-release-linux-x86_64 0.1.0 3.55 33.02 36.57 OK
r-release-windows-ix86+x86_64 0.1.0 8.00 50.00 58.00 OK
r-release-osx-x86_64 0.1.0 NOTE
r-oldrel-windows-ix86+x86_64 0.1.0 9.00 49.00 58.00 OK
r-oldrel-osx-x86_64 0.1.0 NOTE

Check Details

Version: 0.1.0
Check: dependencies in R code
Result: NOTE
    Namespace in Imports field not imported from: ‘knitr’
     All declared Imports should be used.
Flavors: r-devel-linux-x86_64-fedora-clang, r-devel-linux-x86_64-fedora-gcc, r-patched-solaris-x86, r-release-osx-x86_64, r-oldrel-osx-x86_64