CRAN Package Check Results for Package imgrec

Last updated on 2021-07-29 00:49:11 CEST.

Flavor Version Tinstall Tcheck Ttotal Status Flags
r-devel-linux-x86_64-debian-clang 0.1.2 OK
r-devel-linux-x86_64-debian-gcc 0.1.2 3.37 34.83 38.20 OK
r-devel-linux-x86_64-fedora-clang 0.1.2 71.92 NOTE
r-devel-linux-x86_64-fedora-gcc 0.1.2 58.88 NOTE
r-devel-windows-x86_64 0.1.2 6.00 62.00 68.00 OK
r-devel-windows-x86_64-gcc10-UCRT 0.1.2 NOTE
r-patched-linux-x86_64 0.1.2 3.96 43.56 47.52 OK
r-patched-solaris-x86 0.1.2 86.40 NOTE
r-release-linux-x86_64 0.1.2 4.35 44.02 48.37 OK
r-release-macos-arm64 0.1.2 NOTE
r-release-macos-x86_64 0.1.2 NOTE
r-release-windows-ix86+x86_64 0.1.2 12.00 65.00 77.00 OK
r-oldrel-macos-x86_64 0.1.2 NOTE
r-oldrel-windows-ix86+x86_64 0.1.2 9.00 71.00 80.00 OK

Check Details

Version: 0.1.2
Check: dependencies in R code
Result: NOTE
    Namespace in Imports field not imported from: ‘knitr’
     All declared Imports should be used.
Flavors: r-devel-linux-x86_64-fedora-clang, r-devel-linux-x86_64-fedora-gcc, r-devel-windows-x86_64-gcc10-UCRT, r-patched-solaris-x86, r-release-macos-arm64, r-release-macos-x86_64, r-oldrel-macos-x86_64