CRAN Package Check Results for Package immcp

Last updated on 2024-06-13 22:49:31 CEST.

Flavor Version Tinstall Tcheck Ttotal Status Flags
r-devel-linux-x86_64-debian-clang 1.0.3 37.07 338.56 375.63 OK
r-devel-linux-x86_64-debian-gcc 1.0.3 0.33 1.91 2.24 ERROR
r-devel-linux-x86_64-fedora-clang 1.0.3 482.94 OK
r-devel-linux-x86_64-fedora-gcc 1.0.3 457.69 OK
r-devel-windows-x86_64 1.0.3 32.00 230.00 262.00 OK
r-patched-linux-x86_64 1.0.3 29.55 321.76 351.31 OK
r-release-linux-x86_64 1.0.3 34.52 322.51 357.03 OK
r-release-macos-arm64 1.0.3 130.00 OK
r-release-macos-x86_64 1.0.3 182.00 OK
r-release-windows-x86_64 1.0.3 32.00 225.00 257.00 OK
r-oldrel-macos-arm64 1.0.3 124.00 OK
r-oldrel-macos-x86_64 1.0.3 230.00 OK
r-oldrel-windows-x86_64 1.0.3 37.00 307.00 344.00 OK

Check Details

Version: 1.0.3
Check: package dependencies
Result: ERROR Packages required but not available: 'igraph', 'clusterProfiler', 'DOSE', 'dplyr', 'org.Hs.eg.db', 'purrr', 'ggplot2', 'ggheatmap', 'factoextra' See section ‘The DESCRIPTION file’ in the ‘Writing R Extensions’ manual. Flavor: r-devel-linux-x86_64-debian-gcc