CRAN Package Check Results for Package immer

Last updated on 2021-05-06 22:55:23 CEST.

Flavor Version Tinstall Tcheck Ttotal Status Flags
r-devel-linux-x86_64-debian-clang 1.1-35 107.99 78.74 186.73 OK
r-devel-linux-x86_64-debian-gcc 1.1-35 70.20 59.56 129.76 OK
r-devel-linux-x86_64-fedora-clang 1.1-35 256.14 NOTE
r-devel-linux-x86_64-fedora-gcc 1.1-35 229.21 OK
r-devel-windows-ix86+x86_64 1.1-35 187.00 141.00 328.00 OK
r-devel-windows-x86_64-gcc10-UCRT 1.1-35 OK
r-patched-linux-x86_64 1.1-35 85.52 75.85 161.37 OK
r-patched-solaris-x86 1.1-35 244.90 OK
r-release-linux-x86_64 1.1-35 91.73 73.64 165.37 OK
r-release-macos-x86_64 1.1-35 NOTE
r-release-windows-ix86+x86_64 1.1-35 182.00 107.00 289.00 OK
r-oldrel-macos-x86_64 1.1-35 OK
r-oldrel-windows-ix86+x86_64 1.1-35 218.00 124.00 342.00 OK

Check Details

Version: 1.1-35
Check: installed package size
Result: NOTE
     installed size is 5.3Mb
     sub-directories of 1Mb or more:
     libs 4.4Mb
Flavors: r-devel-linux-x86_64-fedora-clang, r-release-macos-x86_64

Version: 1.1-35
Check: Rd cross-references
Result: NOTE
    Undeclared package ‘mirt’ in Rd xrefs
Flavor: r-devel-linux-x86_64-fedora-clang