Last updated on 2023-09-23 23:00:48 CEST.
Flavor | Version | Tinstall | Tcheck | Ttotal | Status | Flags |
---|---|---|---|---|---|---|
r-devel-linux-x86_64-debian-clang | 0.1.0 | 34.70 | 54.69 | 89.39 | NOTE | |
r-devel-linux-x86_64-debian-gcc | 0.1.0 | 26.06 | 41.50 | 67.56 | NOTE | |
r-devel-linux-x86_64-fedora-clang | 0.1.0 | 126.78 | NOTE | |||
r-devel-linux-x86_64-fedora-gcc | 0.1.0 | 119.36 | NOTE | |||
r-devel-windows-x86_64 | 0.1.0 | 30.00 | 82.00 | 112.00 | NOTE | |
r-patched-linux-x86_64 | 0.1.0 | 31.59 | 52.49 | 84.08 | NOTE | |
r-release-linux-x86_64 | 0.1.0 | 35.94 | 52.10 | 88.04 | NOTE | |
r-release-macos-arm64 | 0.1.0 | 35.00 | NOTE | |||
r-release-macos-x86_64 | 0.1.0 | 57.00 | NOTE | |||
r-release-windows-x86_64 | 0.1.0 | 37.00 | 88.00 | 125.00 | NOTE | |
r-oldrel-macos-arm64 | 0.1.0 | 31.00 | NOTE | |||
r-oldrel-macos-x86_64 | 0.1.0 | 56.00 | NOTE | |||
r-oldrel-windows-x86_64 | 0.1.0 | 33.00 | 87.00 | 120.00 | NOTE |
Version: 0.1.0
Check: LazyData
Result: NOTE
'LazyData' is specified without a 'data' directory
Flavors: r-devel-linux-x86_64-debian-clang, r-devel-linux-x86_64-debian-gcc, r-devel-linux-x86_64-fedora-clang, r-devel-linux-x86_64-fedora-gcc, r-devel-windows-x86_64, r-patched-linux-x86_64, r-release-linux-x86_64, r-release-macos-arm64, r-release-macos-x86_64, r-release-windows-x86_64, r-oldrel-macos-arm64, r-oldrel-macos-x86_64, r-oldrel-windows-x86_64