Last updated on 2024-04-18 22:52:45 CEST.
Flavor | Version | Tinstall | Tcheck | Ttotal | Status | Flags |
---|---|---|---|---|---|---|
r-devel-linux-x86_64-debian-clang | 0.3.1 | 2.89 | 24.72 | 27.61 | NOTE | |
r-devel-linux-x86_64-debian-gcc | 0.3.1 | 1.98 | 18.93 | 20.91 | NOTE | |
r-devel-linux-x86_64-fedora-clang | 0.3.1 | 34.57 | NOTE | |||
r-devel-linux-x86_64-fedora-gcc | 0.3.1 | 32.36 | NOTE | |||
r-prerel-macos-arm64 | 0.3.1 | 14.00 | NOTE | |||
r-prerel-windows-x86_64 | 0.3.1 | 4.00 | 40.00 | 44.00 | NOTE | |
r-patched-linux-x86_64 | 0.3.1 | 2.86 | 22.99 | 25.85 | NOTE | |
r-release-linux-x86_64 | 0.3.1 | 2.38 | 23.45 | 25.83 | NOTE | |
r-release-macos-arm64 | 0.3.1 | 15.00 | NOTE | |||
r-release-macos-x86_64 | 0.3.1 | 22.00 | NOTE | |||
r-release-windows-x86_64 | 0.3.1 | 6.00 | 40.00 | 46.00 | NOTE | |
r-oldrel-macos-arm64 | 0.3.1 | 18.00 | NOTE | |||
r-oldrel-windows-x86_64 | 0.3.1 | 6.00 | 46.00 | 52.00 | NOTE |
Version: 0.3.1
Check: LazyData
Result: NOTE
'LazyData' is specified without a 'data' directory
Flavors: r-devel-linux-x86_64-debian-clang, r-devel-linux-x86_64-debian-gcc, r-devel-linux-x86_64-fedora-clang, r-devel-linux-x86_64-fedora-gcc, r-prerel-macos-arm64, r-prerel-windows-x86_64, r-patched-linux-x86_64, r-release-linux-x86_64, r-release-macos-arm64, r-release-macos-x86_64, r-release-windows-x86_64, r-oldrel-macos-arm64, r-oldrel-windows-x86_64