CRAN Package Check Results for Package importar

Last updated on 2024-02-26 23:03:42 CET.

Flavor Version Tinstall Tcheck Ttotal Status Flags
r-devel-linux-x86_64-debian-clang 0.1.1 2.01 21.53 23.54 NOTE
r-devel-linux-x86_64-debian-gcc 0.1.1 1.17 17.17 18.34 NOTE
r-devel-linux-x86_64-fedora-clang 0.1.1 29.96 NOTE
r-devel-linux-x86_64-fedora-gcc 0.1.1 28.63 NOTE
r-devel-windows-x86_64 0.1.1 2.00 43.00 45.00 NOTE
r-patched-linux-x86_64 0.1.1 2.02 21.62 23.64 NOTE
r-release-linux-x86_64 0.1.1 1.87 21.54 23.41 NOTE
r-release-macos-arm64 0.1.1 16.00 NOTE
r-release-macos-x86_64 0.1.1 19.00 NOTE
r-release-windows-x86_64 0.1.1 3.00 43.00 46.00 NOTE
r-oldrel-macos-arm64 0.1.1 19.00 NOTE
r-oldrel-windows-x86_64 0.1.1 3.00 46.00 49.00 NOTE

Check Details

Version: 0.1.1
Check: LazyData
Result: NOTE 'LazyData' is specified without a 'data' directory Flavors: r-devel-linux-x86_64-debian-clang, r-devel-linux-x86_64-debian-gcc, r-devel-linux-x86_64-fedora-clang, r-devel-linux-x86_64-fedora-gcc, r-devel-windows-x86_64, r-patched-linux-x86_64, r-release-linux-x86_64, r-release-macos-arm64, r-release-macos-x86_64, r-release-windows-x86_64, r-oldrel-macos-arm64, r-oldrel-windows-x86_64