CRAN Package Check Results for Package imputeMissings

Last updated on 2021-11-27 22:57:00 CET.

Flavor Version Tinstall Tcheck Ttotal Status Flags
r-devel-linux-x86_64-debian-clang 0.0.3 NOTE
r-devel-linux-x86_64-debian-gcc 0.0.3 1.59 16.06 17.65 NOTE
r-devel-linux-x86_64-fedora-clang 0.0.3 37.77 NOTE
r-devel-linux-x86_64-fedora-gcc 0.0.3 27.25 NOTE
r-devel-windows-x86_64-new-UL 0.0.3 4.00 51.00 55.00 NOTE
r-devel-windows-x86_64-new-TK 0.0.3 NOTE
r-devel-windows-x86_64-old 0.0.3 3.00 38.00 41.00 NOTE
r-patched-linux-x86_64 0.0.3 1.86 19.42 21.28 NOTE
r-patched-solaris-x86 0.0.3 43.40 NOTE
r-release-linux-x86_64 0.0.3 NOTE
r-release-macos-arm64 0.0.3 NOTE
r-release-macos-x86_64 0.0.3 NOTE
r-release-windows-ix86+x86_64 0.0.3 4.00 27.00 31.00 NOTE
r-oldrel-macos-x86_64 0.0.3 OK
r-oldrel-windows-ix86+x86_64 0.0.3 4.00 35.00 39.00 OK

Check Details

Version: 0.0.3
Check: LazyData
Result: NOTE
     'LazyData' is specified without a 'data' directory
Flavors: r-devel-linux-x86_64-debian-clang, r-devel-linux-x86_64-debian-gcc, r-devel-linux-x86_64-fedora-clang, r-devel-linux-x86_64-fedora-gcc, r-devel-windows-x86_64-new-UL, r-devel-windows-x86_64-new-TK, r-devel-windows-x86_64-old, r-patched-linux-x86_64, r-patched-solaris-x86, r-release-linux-x86_64, r-release-macos-arm64, r-release-macos-x86_64, r-release-windows-ix86+x86_64