CRAN Package Check Results for Package imputeTS

Last updated on 2021-05-14 23:50:49 CEST.

Flavor Version Tinstall Tcheck Ttotal Status Flags
r-devel-linux-x86_64-debian-clang 3.2 37.43 179.54 216.97 OK
r-devel-linux-x86_64-debian-gcc 3.2 24.80 131.16 155.96 OK
r-devel-linux-x86_64-fedora-clang 3.2 275.66 OK
r-devel-linux-x86_64-fedora-gcc 3.2 259.35 OK
r-devel-windows-ix86+x86_64 3.2 86.00 275.00 361.00 NOTE
r-devel-windows-x86_64-gcc10-UCRT 3.2 OK
r-patched-linux-x86_64 3.2 31.60 176.65 208.25 OK
r-patched-solaris-x86 3.2 359.90 OK
r-release-linux-x86_64 3.2 31.41 174.28 205.69 OK
r-release-macos-x86_64 3.2 OK
r-release-windows-ix86+x86_64 3.2 61.00 364.00 425.00 NOTE
r-oldrel-macos-x86_64 3.2 OK
r-oldrel-windows-ix86+x86_64 3.2 59.00 360.00 419.00 OK

Check Details

Version: 3.2
Check: installed package size
Result: NOTE
     installed size is 5.0Mb
     sub-directories of 1Mb or more:
     data 1.3Mb
     doc 1.1Mb
     libs 2.1Mb
Flavors: r-devel-windows-ix86+x86_64, r-release-windows-ix86+x86_64