CRAN Package Check Results for Package imputeTS

Last updated on 2018-12-09 22:58:29 CET.

Flavor Version Tinstall Tcheck Ttotal Status Flags
r-devel-linux-x86_64-debian-clang 2.7 18.18 127.09 145.27 OK
r-devel-linux-x86_64-debian-gcc 2.7 15.38 90.10 105.48 OK
r-devel-linux-x86_64-fedora-clang 2.7 178.96 OK
r-devel-linux-x86_64-fedora-gcc 2.7 186.18 OK
r-devel-windows-ix86+x86_64 2.7 50.00 254.00 304.00 OK
r-patched-linux-x86_64 2.7 21.36 124.13 145.49 OK
r-patched-solaris-x86 2.7 264.90 OK
r-release-linux-x86_64 2.7 19.65 126.96 146.61 OK
r-release-windows-ix86+x86_64 2.7 33.00 254.00 287.00 WARN
r-release-osx-x86_64 2.7 OK
r-oldrel-windows-ix86+x86_64 2.7 33.00 242.00 275.00 OK
r-oldrel-osx-x86_64 2.7 OK

Check Details

Version: 2.7
Check: whether package can be installed
Result: WARN
    Found the following significant warnings:
     Warning: S3 methods '[.fun_list', '[.grouped_df', 'all.equal.tbl_df', 'anti_join.data.frame', 'anti_join.tbl_df', 'arrange.data.frame', 'arrange.default', 'arrange.grouped_df', 'arrange.tbl_df', 'arrange_.data.frame', 'arrange_.tbl_df', 'as.data.frame.grouped_df', 'as.data.frame.rowwise_df', 'as.data.frame.tbl_cube', 'as.table.tbl_cube', 'as.tbl.data.frame', 'as.tbl.tbl', 'as.tbl_cube.array', 'as.tbl_cube.data.frame', 'as.tbl_cube.matrix', 'as.tbl_cube.table', 'as_tibble.grouped_df', 'as_tibble.tbl_cube', 'auto_copy.tbl_cube', 'auto_copy.tbl_df', 'cbind.grouped_df', 'collapse.data.frame', 'collect.data.frame', 'common_by.NULL', 'common_by.character', 'common_by.default', 'common_by.list', 'compute.data.frame', 'copy_to.DBIConnection', 'copy_to.src_local', 'default_missing.data.frame', 'default_missing.default', 'dim.tbl_cube', 'distinct.data.frame', 'distinct.default', 'distinct.grouped_df', 'distinct.tbl_df', 'distinct_.data.frame', 'distinct_.grouped_df', 'distinct_.tbl_df', 'do.NULL', 'do.da [... truncated]
Flavor: r-release-windows-ix86+x86_64