CRAN Package Check Results for Package imputeTS

Last updated on 2018-09-19 22:49:47 CEST.

Flavor Version Tinstall Tcheck Ttotal Status Flags
r-devel-linux-x86_64-debian-clang 2.7 16.67 130.66 147.33 OK
r-devel-linux-x86_64-debian-gcc 2.7 15.77 93.87 109.64 OK
r-devel-linux-x86_64-fedora-clang 2.7 196.04 OK
r-devel-linux-x86_64-fedora-gcc 2.7 179.97 OK
r-devel-windows-ix86+x86_64 2.7 36.00 343.00 379.00 OK
r-patched-linux-x86_64 2.7 17.64 125.55 143.19 OK
r-patched-solaris-x86 2.7 251.70 OK
r-release-linux-x86_64 2.7 20.25 126.88 147.13 OK
r-release-windows-ix86+x86_64 2.7 46.00 267.00 313.00 WARN
r-release-osx-x86_64 2.7 OK
r-oldrel-windows-ix86+x86_64 2.7 36.00 250.00 286.00 OK
r-oldrel-osx-x86_64 2.7 OK

Check Details

Version: 2.7
Check: whether package can be installed
Result: WARN
    Found the following significant warnings:
     Warning: S3 methods '[.fun_list', '[.grouped_df', 'all.equal.tbl_df', 'anti_join.data.frame', 'anti_join.tbl_df', 'arrange.data.frame', 'arrange.default', 'arrange.grouped_df', 'arrange.tbl_df', 'arrange_.data.frame', 'arrange_.tbl_df', 'as.data.frame.grouped_df', 'as.data.frame.rowwise_df', 'as.data.frame.tbl_cube', 'as.data.frame.tbl_df', 'as.table.tbl_cube', 'as.tbl.data.frame', 'as.tbl.tbl', 'as.tbl_cube.array', 'as.tbl_cube.data.frame', 'as.tbl_cube.matrix', 'as.tbl_cube.table', 'as_data_frame.grouped_df', 'as_data_frame.tbl_cube', 'auto_copy.tbl_cube', 'auto_copy.tbl_df', 'cbind.grouped_df', 'collapse.data.frame', 'collect.data.frame', 'common_by.NULL', 'common_by.character', 'common_by.default', 'common_by.list', 'compute.data.frame', 'copy_to.DBIConnection', 'copy_to.src_local', 'default_missing.data.frame', 'default_missing.default', 'dim.tbl_cube', 'distinct.data.frame', 'distinct.default', 'distinct.grouped_df', 'distinct.tbl_df', 'distinct_.data.frame', 'distinct_.grouped_df', 'dist [... truncated]
Flavor: r-release-windows-ix86+x86_64