CRAN Package Check Results for Package imputeTS

Last updated on 2018-06-20 22:49:18 CEST.

Flavor Version Tinstall Tcheck Ttotal Status Flags
r-devel-linux-x86_64-debian-clang 2.6 15.83 119.10 134.93 WARN
r-devel-linux-x86_64-debian-gcc 2.7 15.67 90.23 105.90 OK
r-devel-linux-x86_64-fedora-clang 2.7 116.61 OK
r-devel-linux-x86_64-fedora-gcc 2.7 107.57 OK
r-devel-windows-ix86+x86_64 2.6 46.00 227.00 273.00 OK
r-patched-linux-x86_64 2.6 17.80 113.97 131.77 OK
r-patched-solaris-x86 2.7 231.50 OK
r-release-linux-x86_64 2.6 18.78 113.26 132.04 OK
r-release-windows-ix86+x86_64 2.6 32.00 273.00 305.00 OK
r-release-osx-x86_64 2.6 OK
r-oldrel-windows-ix86+x86_64 2.6 39.00 217.00 256.00 OK
r-oldrel-osx-x86_64 2.6 OK

Check Details

Version: 2.6
Check: for unstated dependencies in ‘tests’
Result: WARN
    'library' or 'require' calls not declared from:
     ‘timeSeries’ ‘tis’ ‘xts’ ‘zoo’
Flavor: r-devel-linux-x86_64-debian-clang