Last updated on 2023-09-28 23:08:48 CEST.
Flavor | Version | Tinstall | Tcheck | Ttotal | Status | Flags |
---|---|---|---|---|---|---|
r-devel-linux-x86_64-debian-clang | 3.0.3 | 8.15 | 85.24 | 93.39 | NOTE | |
r-devel-linux-x86_64-debian-gcc | 3.0.3 | 6.54 | 61.92 | 68.46 | NOTE | |
r-devel-linux-x86_64-fedora-clang | 3.0.3 | 109.77 | NOTE | |||
r-devel-linux-x86_64-fedora-gcc | 3.0.3 | 106.79 | NOTE | |||
r-devel-windows-x86_64 | 3.0.3 | 9.00 | 75.00 | 84.00 | NOTE | |
r-patched-linux-x86_64 | 3.0.3 | 5.26 | 78.86 | 84.12 | NOTE | |
r-release-linux-x86_64 | 3.0.3 | 5.27 | 78.55 | 83.82 | NOTE | |
r-release-macos-arm64 | 3.0.3 | 36.00 | NOTE | |||
r-release-macos-x86_64 | 3.0.3 | 57.00 | NOTE | |||
r-release-windows-x86_64 | 3.0.3 | 12.00 | 92.00 | 104.00 | NOTE | |
r-oldrel-macos-arm64 | 3.0.3 | 35.00 | NOTE | |||
r-oldrel-macos-x86_64 | 3.0.3 | 60.00 | NOTE | |||
r-oldrel-windows-x86_64 | 3.0.3 | 12.00 | 97.00 | 109.00 | NOTE |
Version: 3.0.3
Check: LazyData
Result: NOTE
'LazyData' is specified without a 'data' directory
Flavors: r-devel-linux-x86_64-debian-clang, r-devel-linux-x86_64-debian-gcc, r-devel-linux-x86_64-fedora-clang, r-devel-linux-x86_64-fedora-gcc, r-devel-windows-x86_64, r-patched-linux-x86_64, r-release-linux-x86_64, r-release-macos-arm64, r-release-macos-x86_64, r-release-windows-x86_64, r-oldrel-macos-arm64, r-oldrel-macos-x86_64, r-oldrel-windows-x86_64