CRAN Package Check Results for Package imputeTestbench

Last updated on 2021-06-15 01:50:26 CEST.

Flavor Version Tinstall Tcheck Ttotal Status Flags
r-devel-linux-x86_64-debian-clang 3.0.3 7.28 78.75 86.03 NOTE
r-devel-linux-x86_64-debian-gcc 3.0.3 5.70 57.86 63.56 NOTE
r-devel-linux-x86_64-fedora-clang 3.0.3 108.78 NOTE
r-devel-linux-x86_64-fedora-gcc 3.0.3 96.90 NOTE
r-devel-windows-x86_64 3.0.3 14.00 99.00 113.00 NOTE
r-devel-windows-x86_64-gcc10-UCRT 3.0.3 NOTE
r-patched-linux-x86_64 3.0.3 7.07 72.08 79.15 NOTE
r-patched-solaris-x86 3.0.3 148.00 NOTE
r-release-linux-x86_64 3.0.3 6.25 73.38 79.63 NOTE
r-release-macos-arm64 3.0.3 NOTE
r-release-macos-x86_64 3.0.3 NOTE
r-release-windows-ix86+x86_64 3.0.3 19.00 96.00 115.00 NOTE
r-oldrel-macos-x86_64 3.0.3 OK
r-oldrel-windows-ix86+x86_64 3.0.3 21.00 102.00 123.00 OK

Check Details

Version: 3.0.3
Check: LazyData
Result: NOTE
     'LazyData' is specified without a 'data' directory
Flavors: r-devel-linux-x86_64-debian-clang, r-devel-linux-x86_64-debian-gcc, r-devel-linux-x86_64-fedora-clang, r-devel-linux-x86_64-fedora-gcc, r-devel-windows-x86_64, r-devel-windows-x86_64-gcc10-UCRT, r-patched-linux-x86_64, r-patched-solaris-x86, r-release-linux-x86_64, r-release-macos-arm64, r-release-macos-x86_64, r-release-windows-ix86+x86_64