CRAN Package Check Results for Package imputeTestbench

Last updated on 2024-07-14 22:49:21 CEST.

Flavor Version Tinstall Tcheck Ttotal Status Flags
r-devel-linux-x86_64-debian-clang 3.0.3 9.19 83.69 92.88 NOTE
r-devel-linux-x86_64-debian-gcc 3.0.3 7.12 61.33 68.45 NOTE
r-devel-linux-x86_64-fedora-clang 3.0.3 122.43 NOTE
r-devel-linux-x86_64-fedora-gcc 3.0.3 104.49 NOTE
r-devel-windows-x86_64 3.0.3 8.00 76.00 84.00 NOTE
r-patched-linux-x86_64 3.0.3 8.86 79.01 87.87 NOTE
r-release-linux-x86_64 3.0.3 5.09 77.95 83.04 NOTE
r-release-macos-arm64 3.0.3 33.00 NOTE
r-release-macos-x86_64 3.0.3 50.00 NOTE
r-release-windows-x86_64 3.0.3 8.00 76.00 84.00 NOTE
r-oldrel-macos-arm64 3.0.3 36.00 NOTE
r-oldrel-macos-x86_64 3.0.3 57.00 NOTE
r-oldrel-windows-x86_64 3.0.3 11.00 92.00 103.00 NOTE

Check Details

Version: 3.0.3
Check: LazyData
Result: NOTE 'LazyData' is specified without a 'data' directory Flavors: r-devel-linux-x86_64-debian-clang, r-devel-linux-x86_64-debian-gcc, r-devel-linux-x86_64-fedora-clang, r-devel-linux-x86_64-fedora-gcc, r-devel-windows-x86_64, r-patched-linux-x86_64, r-release-linux-x86_64, r-release-macos-arm64, r-release-macos-x86_64, r-release-windows-x86_64, r-oldrel-macos-arm64, r-oldrel-macos-x86_64, r-oldrel-windows-x86_64