Last updated on 2023-09-25 22:12:41 CEST.
Flavor | Version | Tinstall | Tcheck | Ttotal | Status | Flags |
---|---|---|---|---|---|---|
r-devel-linux-x86_64-debian-clang | 1.3 | 11.21 | 81.90 | 93.11 | NOTE | |
r-devel-linux-x86_64-debian-gcc | 1.3 | 7.31 | 63.33 | 70.64 | NOTE | |
r-devel-linux-x86_64-fedora-clang | 1.3 | 112.15 | NOTE | |||
r-devel-linux-x86_64-fedora-gcc | 1.3 | 117.46 | NOTE | |||
r-devel-windows-x86_64 | 1.3 | 9.00 | 80.00 | 89.00 | NOTE | |
r-patched-linux-x86_64 | 1.3 | 10.89 | 80.69 | 91.58 | OK | |
r-release-linux-x86_64 | 1.3 | 9.95 | 81.13 | 91.08 | OK | |
r-release-macos-arm64 | 1.3 | 40.00 | OK | |||
r-release-macos-x86_64 | 1.3 | 58.00 | OK | |||
r-release-windows-x86_64 | 1.3 | 11.00 | 85.00 | 96.00 | OK | |
r-oldrel-macos-arm64 | 1.3 | 48.00 | OK | |||
r-oldrel-macos-x86_64 | 1.3 | 46.00 | OK | |||
r-oldrel-windows-x86_64 | 1.3 | 10.00 | 98.00 | 108.00 | OK |
Version: 1.3
Check: Rd metadata
Result: NOTE
Rd files without \alias:
‘imputeYn-package.Rd’
Flavors: r-devel-linux-x86_64-debian-clang, r-devel-linux-x86_64-debian-gcc, r-devel-linux-x86_64-fedora-clang, r-devel-linux-x86_64-fedora-gcc, r-devel-windows-x86_64