Last updated on 2024-04-19 22:55:49 CEST.
Flavor | Version | Tinstall | Tcheck | Ttotal | Status | Flags |
---|---|---|---|---|---|---|
r-devel-linux-x86_64-debian-clang | 1.3 | 9.82 | 98.21 | 108.03 | NOTE | |
r-devel-linux-x86_64-debian-gcc | 1.3 | NOTE | ||||
r-devel-linux-x86_64-fedora-clang | 1.3 | 138.66 | NOTE | |||
r-devel-linux-x86_64-fedora-gcc | 1.3 | 128.08 | NOTE | |||
r-prerel-macos-arm64 | 1.3 | 39.00 | NOTE | |||
r-prerel-windows-x86_64 | 1.3 | 10.00 | 89.00 | 99.00 | NOTE | |
r-patched-linux-x86_64 | 1.3 | 8.47 | 92.29 | 100.76 | NOTE | |
r-release-linux-x86_64 | 1.3 | 9.38 | 97.23 | 106.61 | OK | |
r-release-macos-arm64 | 1.3 | 44.00 | OK | |||
r-release-macos-x86_64 | 1.3 | 71.00 | OK | |||
r-release-windows-x86_64 | 1.3 | 12.00 | 106.00 | 118.00 | OK | |
r-oldrel-macos-arm64 | 1.3 | 44.00 | OK | |||
r-oldrel-windows-x86_64 | 1.3 | 12.00 | 112.00 | 124.00 | OK |
Version: 1.3
Check: Rd contents
Result: NOTE
Argument items with no description in Rd file 'selectRuleRRF.Rd':
‘target’
Flavors: r-devel-linux-x86_64-debian-clang, r-devel-linux-x86_64-debian-gcc, r-devel-linux-x86_64-fedora-clang, r-devel-linux-x86_64-fedora-gcc, r-prerel-macos-arm64, r-prerel-windows-x86_64, r-patched-linux-x86_64