CRAN Package Check Results for Package inca

Last updated on 2021-08-03 22:53:25 CEST.

Flavor Version Tinstall Tcheck Ttotal Status Flags
r-devel-linux-x86_64-debian-clang 0.0.4 48.11 61.01 109.12 OK
r-devel-linux-x86_64-debian-gcc 0.0.4 32.94 49.21 82.15 OK
r-devel-linux-x86_64-fedora-clang 0.0.4 153.22 OK
r-devel-linux-x86_64-fedora-gcc 0.0.4 133.34 OK
r-devel-windows-x86_64 0.0.4 35.00 91.00 126.00 OK
r-devel-windows-x86_64-gcc10-UCRT 0.0.4 OK
r-patched-linux-x86_64 0.0.4 36.56 60.10 96.66 OK
r-patched-solaris-x86 0.0.4 170.10 OK
r-release-linux-x86_64 0.0.4 37.90 59.83 97.73 OK
r-release-macos-arm64 0.0.4 NOTE
r-release-macos-x86_64 0.0.4 OK
r-release-windows-ix86+x86_64 0.0.4 91.00 96.00 187.00 OK
r-oldrel-macos-x86_64 0.0.4 NOTE
r-oldrel-windows-ix86+x86_64 0.0.4 67.00 119.00 186.00 OK

Check Details

Version: 0.0.4
Check: installed package size
Result: NOTE
     installed size is 6.2Mb
     sub-directories of 1Mb or more:
     libs 6.1Mb
Flavors: r-release-macos-arm64, r-oldrel-macos-x86_64