CRAN Package Check Results for Package incidental

Last updated on 2024-03-02 22:41:56 CET.

Flavor Version Tinstall Tcheck Ttotal Status Flags
r-devel-linux-x86_64-debian-clang 0.1 9.17 87.34 96.51 NOTE
r-devel-linux-x86_64-debian-gcc 0.1 6.80 65.93 72.73 NOTE
r-devel-linux-x86_64-fedora-clang 0.1 115.95 NOTE
r-devel-linux-x86_64-fedora-gcc 0.1 128.05 NOTE
r-devel-windows-x86_64 0.1 8.00 84.00 92.00 OK
r-patched-linux-x86_64 0.1 9.74 84.99 94.73 OK
r-release-linux-x86_64 0.1 5.86 85.54 91.40 OK
r-release-macos-arm64 0.1 45.00 OK
r-release-macos-x86_64 0.1 74.00 OK
r-release-windows-x86_64 0.1 11.00 99.00 110.00 OK
r-oldrel-macos-arm64 0.1 38.00 OK
r-oldrel-windows-x86_64 0.1 12.00 97.00 109.00 OK

Check Details

Version: 0.1
Check: Rd files
Result: NOTE checkRd: (-1) make_likelihood_matrix.Rd:16: Lost braces; missing escapes or markup? 16 | This function creates a matrix such that P[t, s] = P(C = t | I = s) = theta_{t-s} for s <= t and 0 otherwise. | ^ Flavors: r-devel-linux-x86_64-debian-clang, r-devel-linux-x86_64-debian-gcc, r-devel-linux-x86_64-fedora-clang, r-devel-linux-x86_64-fedora-gcc