Last updated on 2024-04-17 22:59:55 CEST.
Flavor | Version | Tinstall | Tcheck | Ttotal | Status | Flags |
---|---|---|---|---|---|---|
r-devel-linux-x86_64-debian-clang | 0.1.1 | 3.00 | 38.64 | 41.64 | NOTE | |
r-devel-linux-x86_64-debian-gcc | 0.1.1 | 2.20 | 30.44 | 32.64 | NOTE | |
r-devel-linux-x86_64-fedora-clang | 0.1.1 | 54.27 | NOTE | |||
r-devel-linux-x86_64-fedora-gcc | 0.1.1 | 63.93 | NOTE | |||
r-prerel-macos-arm64 | 0.1.1 | 29.00 | NOTE | |||
r-prerel-windows-x86_64 | 0.1.1 | 5.00 | 54.00 | 59.00 | NOTE | |
r-patched-linux-x86_64 | 0.1.1 | 2.29 | 37.98 | 40.27 | NOTE | |
r-release-linux-x86_64 | 0.1.1 | 2.15 | 36.14 | 38.29 | NOTE | |
r-release-macos-arm64 | 0.1.1 | 30.00 | NOTE | |||
r-release-macos-x86_64 | 0.1.1 | 41.00 | NOTE | |||
r-release-windows-x86_64 | 0.1.1 | 5.00 | 55.00 | 60.00 | NOTE | |
r-oldrel-macos-arm64 | 0.1.1 | 22.00 | NOTE | |||
r-oldrel-windows-x86_64 | 0.1.1 | 5.00 | 60.00 | 65.00 | NOTE |
Version: 0.1.1
Check: LazyData
Result: NOTE
'LazyData' is specified without a 'data' directory
Flavors: r-devel-linux-x86_64-debian-clang, r-devel-linux-x86_64-debian-gcc, r-devel-linux-x86_64-fedora-clang, r-devel-linux-x86_64-fedora-gcc, r-prerel-macos-arm64, r-prerel-windows-x86_64, r-patched-linux-x86_64, r-release-linux-x86_64, r-release-macos-arm64, r-release-macos-x86_64, r-release-windows-x86_64, r-oldrel-macos-arm64, r-oldrel-windows-x86_64