CRAN Package Check Results for Package influenceAUC

Last updated on 2022-08-19 22:53:18 CEST.

Flavor Version Tinstall Tcheck Ttotal Status Flags
r-devel-linux-x86_64-debian-clang 0.1.2 6.14 67.47 73.61 NOTE
r-devel-linux-x86_64-debian-gcc 0.1.2 5.37 51.52 56.89 NOTE
r-devel-linux-x86_64-fedora-clang 0.1.2 98.87 NOTE
r-devel-linux-x86_64-fedora-gcc 0.1.2 95.24 NOTE
r-devel-windows-x86_64 0.1.2 20.00 91.00 111.00 NOTE
r-patched-linux-x86_64 0.1.2 5.96 63.54 69.50 NOTE
r-release-linux-x86_64 0.1.2 NOTE
r-release-macos-arm64 0.1.2 28.00 NOTE
r-release-macos-x86_64 0.1.2 55.00 NOTE
r-release-windows-x86_64 0.1.2 11.00 93.00 104.00 NOTE
r-oldrel-macos-arm64 0.1.2 31.00 NOTE
r-oldrel-macos-x86_64 0.1.2 54.00 NOTE
r-oldrel-windows-ix86+x86_64 0.1.2 16.00 90.00 106.00 NOTE

Check Details

Version: 0.1.2
Check: LazyData
Result: NOTE
     'LazyData' is specified without a 'data' directory
Flavors: r-devel-linux-x86_64-debian-clang, r-devel-linux-x86_64-debian-gcc, r-devel-linux-x86_64-fedora-clang, r-devel-linux-x86_64-fedora-gcc, r-devel-windows-x86_64, r-patched-linux-x86_64, r-release-linux-x86_64, r-release-macos-arm64, r-release-macos-x86_64, r-release-windows-x86_64, r-oldrel-macos-arm64, r-oldrel-macos-x86_64, r-oldrel-windows-ix86+x86_64