Last updated on 2024-03-27 22:57:48 CET.
Flavor | Version | Tinstall | Tcheck | Ttotal | Status | Flags |
---|---|---|---|---|---|---|
r-devel-linux-x86_64-debian-clang | 1.2.0.1 | 6.83 | 21.56 | 28.39 | OK | |
r-devel-linux-x86_64-debian-gcc | 1.2.0.1 | 4.70 | 17.54 | 22.24 | OK | |
r-devel-linux-x86_64-fedora-clang | 1.2.0.1 | 40.79 | NOTE | |||
r-devel-linux-x86_64-fedora-gcc | 1.2.0.1 | 36.88 | NOTE | |||
r-devel-windows-x86_64 | 1.2.0.1 | 8.00 | 47.00 | 55.00 | OK | |
r-patched-linux-x86_64 | 1.2.0.1 | 7.61 | 21.31 | 28.92 | OK | |
r-release-linux-x86_64 | 1.2.0.1 | 5.88 | 22.08 | 27.96 | OK | |
r-release-macos-arm64 | 1.2.0.1 | 18.00 | OK | |||
r-release-macos-x86_64 | 1.2.0.1 | 24.00 | OK | |||
r-release-windows-x86_64 | 1.2.0.1 | 8.00 | 64.00 | 72.00 | OK | |
r-oldrel-macos-arm64 | 1.2.0.1 | 21.00 | OK | |||
r-oldrel-windows-x86_64 | 1.2.0.1 | 12.00 | 66.00 | 78.00 | OK |
Version: 1.2.0.1
Check: compiled code
Result: NOTE
File ‘infotheo/libs/infotheo.so’:
Found no calls to: ‘R_registerRoutines’, ‘R_useDynamicSymbols’
It is good practice to register native routines and to disable symbol
search.
See ‘Writing portable packages’ in the ‘Writing R Extensions’ manual.
Flavors: r-devel-linux-x86_64-fedora-clang, r-devel-linux-x86_64-fedora-gcc