CRAN Package Check Results for Package infotheo

Last updated on 2019-09-21 22:49:00 CEST.

Flavor Version Tinstall Tcheck Ttotal Status Flags
r-devel-linux-x86_64-debian-clang 1.2.0 5.25 17.64 22.89 NOTE
r-devel-linux-x86_64-debian-gcc 1.2.0 3.56 14.58 18.14 NOTE
r-devel-linux-x86_64-fedora-clang 1.2.0 30.06 NOTE
r-devel-linux-x86_64-fedora-gcc 1.2.0 27.82 NOTE
r-devel-windows-ix86+x86_64 1.2.0 15.00 53.00 68.00 NOTE
r-patched-linux-x86_64 1.2.0 3.98 17.40 21.38 NOTE
r-patched-solaris-x86 1.2.0 43.60 NOTE
r-release-linux-x86_64 1.2.0 4.05 17.28 21.33 NOTE
r-release-windows-ix86+x86_64 1.2.0 11.00 55.00 66.00 NOTE
r-release-osx-x86_64 1.2.0 NOTE
r-oldrel-windows-ix86+x86_64 1.2.0 11.00 39.00 50.00 NOTE
r-oldrel-osx-x86_64 1.2.0 NOTE

Check Details

Version: 1.2.0
Check: R code for possible problems
Result: NOTE
    entropy: no visible global function definition for 'na.omit'
    interinformation: no visible global function definition for 'na.omit'
    multiinformation: no visible global function definition for 'na.omit'
    mutinformation: no visible global function definition for 'na.omit'
    Undefined global functions or variables:
     na.omit
    Consider adding
     importFrom("stats", "na.omit")
    to your NAMESPACE file.
Flavors: r-devel-linux-x86_64-debian-clang, r-devel-linux-x86_64-debian-gcc, r-devel-linux-x86_64-fedora-clang, r-devel-linux-x86_64-fedora-gcc, r-devel-windows-ix86+x86_64, r-patched-linux-x86_64, r-patched-solaris-x86, r-release-linux-x86_64, r-release-windows-ix86+x86_64, r-release-osx-x86_64, r-oldrel-windows-ix86+x86_64, r-oldrel-osx-x86_64

Version: 1.2.0
Check: compiled code
Result: NOTE
    File ‘infotheo/libs/infotheo.so’:
     Found no calls to: ‘R_registerRoutines’, ‘R_useDynamicSymbols’
    
    It is good practice to register native routines and to disable symbol
    search.
    
    See ‘Writing portable packages’ in the ‘Writing R Extensions’ manual.
Flavors: r-devel-linux-x86_64-fedora-clang, r-devel-linux-x86_64-fedora-gcc