CRAN Package Check Results for Package inldata

Last updated on 2024-05-22 22:56:07 CEST.

Flavor Version Tinstall Tcheck Ttotal Status Flags
r-devel-linux-x86_64-debian-clang 1.2.1 59.95 335.94 395.89 ERROR
r-devel-linux-x86_64-debian-gcc 1.2.1 50.99 236.63 287.62 ERROR
r-devel-linux-x86_64-fedora-clang 1.2.1 495.92 NOTE
r-devel-linux-x86_64-fedora-gcc 1.2.1 457.26 OK
r-devel-windows-x86_64 1.2.1 51.00 239.00 290.00 NOTE
r-patched-linux-x86_64 1.1.5 61.20 314.73 375.93 OK
r-release-linux-x86_64 1.2.1 58.38 315.69 374.07 ERROR
r-release-macos-arm64 1.2.1 138.00 NOTE
r-release-macos-x86_64 1.2.1 386.00 NOTE
r-release-windows-x86_64 1.2.1 49.00 235.00 284.00 NOTE
r-oldrel-macos-arm64 1.2.1 145.00 NOTE
r-oldrel-macos-x86_64 1.2.1 354.00 NOTE
r-oldrel-windows-x86_64 1.2.1 43.00 236.00 279.00 NOTE

Check Details

Version: 1.2.1
Check: tests
Result: ERROR Running ‘tinytest.R’ [19s/31s] Running the tests in ‘tests/tinytest.R’ failed. Complete output: > if (requireNamespace("tinytest", quietly = TRUE)) { + Sys.setenv(R_TESTS = "") + tinytest::test_package("inldata") + } test_data.R................... 0 tests test_data.R................... 0 tests test_data.R................... 0 tests test_data.R................... 0 tests test_data.R................... 0 tests test_data.R................... 0 tests test_data.R................... 0 tests test_data.R................... 0 tests test_data.R................... 1 tests <1b>[0;32mOK<1b>[0m test_data.R................... 2 tests <1b>[0;32mOK<1b>[0m test_data.R................... 3 tests <1b>[0;32mOK<1b>[0m test_data.R................... 3 tests <1b>[0;32mOK<1b>[0m test_data.R................... 3 tests <1b>[0;32mOK<1b>[0m test_data.R................... 3 tests <1b>[0;32mOK<1b>[0m test_data.R................... 3 tests <1b>[0;32mOK<1b>[0m test_data.R................... 3 tests <1b>[0;32mOK<1b>[0m test_data.R................... 4 tests <1b>[0;32mOK<1b>[0m test_data.R................... 5 tests <1b>[0;32mOK<1b>[0m test_data.R................... 6 tests <1b>[0;32mOK<1b>[0m test_data.R................... 6 tests <1b>[0;32mOK<1b>[0m test_data.R................... 6 tests <1b>[0;32mOK<1b>[0m test_data.R................... 6 tests <1b>[0;32mOK<1b>[0m test_data.R................... 6 tests <1b>[0;32mOK<1b>[0m test_data.R................... 7 tests <1b>[0;32mOK<1b>[0m test_data.R................... 8 tests <1b>[0;32mOK<1b>[0m test_data.R................... 9 tests <1b>[0;32mOK<1b>[0m test_data.R................... 10 tests <1b>[0;32mOK<1b>[0m test_data.R................... 10 tests <1b>[0;32mOK<1b>[0m test_data.R................... 10 tests <1b>[0;32mOK<1b>[0m test_data.R................... 10 tests <1b>[0;32mOK<1b>[0m test_data.R................... 10 tests <1b>[0;32mOK<1b>[0m test_data.R................... 11 tests <1b>[0;32mOK<1b>[0m test_data.R................... 12 tests <1b>[0;32mOK<1b>[0m test_data.R................... 13 tests <1b>[0;32mOK<1b>[0m test_data.R................... 14 tests <1b>[0;32mOK<1b>[0m test_data.R................... 14 tests <1b>[0;32mOK<1b>[0m test_data.R................... 14 tests <1b>[0;32mOK<1b>[0m test_data.R................... 15 tests <1b>[0;32mOK<1b>[0m <1b>[0;34m2.5s<1b>[0m test_functions.R.............. 0 tests test_functions.R.............. 0 tests test_functions.R.............. 0 tests test_functions.R.............. 0 tests test_functions.R.............. 1 tests <1b>[0;32mOK<1b>[0m test_functions.R.............. 1 tests <1b>[0;32mOK<1b>[0m test_functions.R.............. 2 tests <1b>[0;32mOK<1b>[0m test_functions.R.............. 2 tests <1b>[0;32mOK<1b>[0m test_functions.R.............. 3 tests <1b>[0;32mOK<1b>[0m test_functions.R.............. 4 tests <1b>[0;32mOK<1b>[0m test_functions.R.............. 5 tests <1b>[0;32mOK<1b>[0m test_functions.R.............. 5 tests <1b>[0;32mOK<1b>[0m test_functions.R.............. 5 tests <1b>[0;32mOK<1b>[0m test_functions.R.............. 6 tests <1b>[0;32mOK<1b>[0m test_functions.R.............. 6 tests <1b>[0;32mOK<1b>[0m test_functions.R.............. 6 tests <1b>[0;32mOK<1b>[0m test_functions.R.............. 7 tests <1b>[0;32mOK<1b>[0m <1b>[0;34m5.3s<1b>[0m test_make_datasets.R.......... 0 tests test_make_datasets.R.......... 0 tests test_make_datasets.R.......... 0 tests test_make_datasets.R.......... 0 tests TIMESTAMP: 2024-05-21 05:03:22 CEST test_make_datasets.R.......... 1 tests <1b>[0;31m1 fails<1b>[0m test_make_datasets.R.......... 1 tests <1b>[0;31m1 fails<1b>[0m test_make_datasets.R.......... 1 tests <1b>[0;31m1 fails<1b>[0m test_make_datasets.R.......... 1 tests <1b>[0;31m1 fails<1b>[0m test_make_datasets.R.......... 1 tests <1b>[0;31m1 fails<1b>[0m test_make_datasets.R.......... 2 tests <1b>[0;31m1 fails<1b>[0m test_make_datasets.R.......... 2 tests <1b>[0;31m1 fails<1b>[0m test_make_datasets.R.......... 3 tests <1b>[0;31m1 fails<1b>[0m test_make_datasets.R.......... 3 tests <1b>[0;31m1 fails<1b>[0m test_make_datasets.R.......... 3 tests <1b>[0;31m1 fails<1b>[0m test_make_datasets.R.......... 4 tests <1b>[0;31m1 fails<1b>[0m test_make_datasets.R.......... 4 tests <1b>[0;31m1 fails<1b>[0m test_make_datasets.R.......... 4 tests <1b>[0;31m1 fails<1b>[0m test_make_datasets.R.......... 4 tests <1b>[0;31m1 fails<1b>[0m test_make_datasets.R.......... 4 tests <1b>[0;31m1 fails<1b>[0m test_make_datasets.R.......... 5 tests <1b>[0;31m1 fails<1b>[0m test_make_datasets.R.......... 5 tests <1b>[0;31m1 fails<1b>[0m test_make_datasets.R.......... 5 tests <1b>[0;31m1 fails<1b>[0m test_make_datasets.R.......... 6 tests <1b>[0;31m1 fails<1b>[0m test_make_datasets.R.......... 7 tests <1b>[0;31m1 fails<1b>[0m test_make_datasets.R.......... 7 tests <1b>[0;31m1 fails<1b>[0m test_make_datasets.R.......... 8 tests <1b>[0;31m1 fails<1b>[0m test_make_datasets.R.......... 8 tests <1b>[0;31m1 fails<1b>[0m test_make_datasets.R.......... 8 tests <1b>[0;31m1 fails<1b>[0m test_make_datasets.R.......... 8 tests <1b>[0;31m1 fails<1b>[0m test_make_datasets.R.......... 9 tests <1b>[0;31m1 fails<1b>[0m test_make_datasets.R.......... 9 tests <1b>[0;31m1 fails<1b>[0m test_make_datasets.R.......... 9 tests <1b>[0;31m1 fails<1b>[0m test_make_datasets.R.......... 9 tests <1b>[0;31m1 fails<1b>[0m test_make_datasets.R.......... 10 tests <1b>[0;31m1 fails<1b>[0m test_make_datasets.R.......... 10 tests <1b>[0;31m1 fails<1b>[0m test_make_datasets.R.......... 10 tests <1b>[0;31m1 fails<1b>[0m test_make_datasets.R.......... 11 tests <1b>[0;31m1 fails<1b>[0m test_make_datasets.R.......... 11 tests <1b>[0;31m1 fails<1b>[0m test_make_datasets.R.......... 11 tests <1b>[0;31m1 fails<1b>[0m test_make_datasets.R.......... 12 tests <1b>[0;31m1 fails<1b>[0m test_make_datasets.R.......... 12 tests <1b>[0;31m1 fails<1b>[0m test_make_datasets.R.......... 12 tests <1b>[0;31m1 fails<1b>[0m test_make_datasets.R.......... 13 tests <1b>[0;31m1 fails<1b>[0m test_make_datasets.R.......... 14 tests <1b>[0;31m1 fails<1b>[0m <1b>[0;34m11.0s<1b>[0m ----- FAILED[xcpt]: test_make_datasets.R<8--11> call| expect_error(current = make_datasets(destdir = destdir), pattern = "does not exist.$") diff| The error message: diff| 'Assertion on 'path' failed: '/home/hornik/tmp/R.check/r-devel-clang/Work/build/Packages/inldata/tinytest' not writeable.' diff| does not match pattern 'does not exist.$' Error: 1 out of 36 tests failed In addition: Warning message: attribute variables are assumed to be spatially constant throughout all geometries Execution halted Flavor: r-devel-linux-x86_64-debian-clang

Version: 1.2.1
Check: tests
Result: ERROR Running ‘tinytest.R’ [14s/30s] Running the tests in ‘tests/tinytest.R’ failed. Complete output: > if (requireNamespace("tinytest", quietly = TRUE)) { + Sys.setenv(R_TESTS = "") + tinytest::test_package("inldata") + } test_data.R................... 0 tests test_data.R................... 0 tests test_data.R................... 0 tests test_data.R................... 0 tests test_data.R................... 0 tests test_data.R................... 0 tests test_data.R................... 0 tests test_data.R................... 0 tests test_data.R................... 1 tests <1b>[0;32mOK<1b>[0m test_data.R................... 2 tests <1b>[0;32mOK<1b>[0m test_data.R................... 3 tests <1b>[0;32mOK<1b>[0m test_data.R................... 3 tests <1b>[0;32mOK<1b>[0m test_data.R................... 3 tests <1b>[0;32mOK<1b>[0m test_data.R................... 3 tests <1b>[0;32mOK<1b>[0m test_data.R................... 3 tests <1b>[0;32mOK<1b>[0m test_data.R................... 3 tests <1b>[0;32mOK<1b>[0m test_data.R................... 4 tests <1b>[0;32mOK<1b>[0m test_data.R................... 5 tests <1b>[0;32mOK<1b>[0m test_data.R................... 6 tests <1b>[0;32mOK<1b>[0m test_data.R................... 6 tests <1b>[0;32mOK<1b>[0m test_data.R................... 6 tests <1b>[0;32mOK<1b>[0m test_data.R................... 6 tests <1b>[0;32mOK<1b>[0m test_data.R................... 6 tests <1b>[0;32mOK<1b>[0m test_data.R................... 7 tests <1b>[0;32mOK<1b>[0m test_data.R................... 8 tests <1b>[0;32mOK<1b>[0m test_data.R................... 9 tests <1b>[0;32mOK<1b>[0m test_data.R................... 10 tests <1b>[0;32mOK<1b>[0m test_data.R................... 10 tests <1b>[0;32mOK<1b>[0m test_data.R................... 10 tests <1b>[0;32mOK<1b>[0m test_data.R................... 10 tests <1b>[0;32mOK<1b>[0m test_data.R................... 10 tests <1b>[0;32mOK<1b>[0m test_data.R................... 11 tests <1b>[0;32mOK<1b>[0m test_data.R................... 12 tests <1b>[0;32mOK<1b>[0m test_data.R................... 13 tests <1b>[0;32mOK<1b>[0m test_data.R................... 14 tests <1b>[0;32mOK<1b>[0m test_data.R................... 14 tests <1b>[0;32mOK<1b>[0m test_data.R................... 14 tests <1b>[0;32mOK<1b>[0m test_data.R................... 15 tests <1b>[0;32mOK<1b>[0m <1b>[0;34m2.6s<1b>[0m test_functions.R.............. 0 tests test_functions.R.............. 0 tests test_functions.R.............. 0 tests test_functions.R.............. 0 tests test_functions.R.............. 1 tests <1b>[0;32mOK<1b>[0m test_functions.R.............. 1 tests <1b>[0;32mOK<1b>[0m test_functions.R.............. 2 tests <1b>[0;32mOK<1b>[0m test_functions.R.............. 2 tests <1b>[0;32mOK<1b>[0m test_functions.R.............. 3 tests <1b>[0;32mOK<1b>[0m test_functions.R.............. 4 tests <1b>[0;32mOK<1b>[0m test_functions.R.............. 5 tests <1b>[0;32mOK<1b>[0m test_functions.R.............. 5 tests <1b>[0;32mOK<1b>[0m test_functions.R.............. 5 tests <1b>[0;32mOK<1b>[0m test_functions.R.............. 6 tests <1b>[0;32mOK<1b>[0m test_functions.R.............. 6 tests <1b>[0;32mOK<1b>[0m test_functions.R.............. 6 tests <1b>[0;32mOK<1b>[0m test_functions.R.............. 7 tests <1b>[0;32mOK<1b>[0m <1b>[0;34m4.9s<1b>[0m test_make_datasets.R.......... 0 tests test_make_datasets.R.......... 0 tests test_make_datasets.R.......... 0 tests test_make_datasets.R.......... 0 tests TIMESTAMP: 2024-05-21 23:33:38 CEST test_make_datasets.R.......... 1 tests <1b>[0;31m1 fails<1b>[0m test_make_datasets.R.......... 1 tests <1b>[0;31m1 fails<1b>[0m test_make_datasets.R.......... 1 tests <1b>[0;31m1 fails<1b>[0m test_make_datasets.R.......... 1 tests <1b>[0;31m1 fails<1b>[0m test_make_datasets.R.......... 1 tests <1b>[0;31m1 fails<1b>[0m test_make_datasets.R.......... 2 tests <1b>[0;31m1 fails<1b>[0m test_make_datasets.R.......... 2 tests <1b>[0;31m1 fails<1b>[0m test_make_datasets.R.......... 3 tests <1b>[0;31m1 fails<1b>[0m test_make_datasets.R.......... 3 tests <1b>[0;31m1 fails<1b>[0m test_make_datasets.R.......... 3 tests <1b>[0;31m1 fails<1b>[0m test_make_datasets.R.......... 4 tests <1b>[0;31m1 fails<1b>[0m test_make_datasets.R.......... 4 tests <1b>[0;31m1 fails<1b>[0m test_make_datasets.R.......... 4 tests <1b>[0;31m1 fails<1b>[0m test_make_datasets.R.......... 4 tests <1b>[0;31m1 fails<1b>[0m test_make_datasets.R.......... 4 tests <1b>[0;31m1 fails<1b>[0m test_make_datasets.R.......... 5 tests <1b>[0;31m1 fails<1b>[0m test_make_datasets.R.......... 5 tests <1b>[0;31m1 fails<1b>[0m test_make_datasets.R.......... 5 tests <1b>[0;31m1 fails<1b>[0m test_make_datasets.R.......... 6 tests <1b>[0;31m1 fails<1b>[0m test_make_datasets.R.......... 7 tests <1b>[0;31m1 fails<1b>[0m test_make_datasets.R.......... 7 tests <1b>[0;31m1 fails<1b>[0m test_make_datasets.R.......... 8 tests <1b>[0;31m1 fails<1b>[0m test_make_datasets.R.......... 8 tests <1b>[0;31m1 fails<1b>[0m test_make_datasets.R.......... 8 tests <1b>[0;31m1 fails<1b>[0m test_make_datasets.R.......... 8 tests <1b>[0;31m1 fails<1b>[0m test_make_datasets.R.......... 9 tests <1b>[0;31m1 fails<1b>[0m test_make_datasets.R.......... 9 tests <1b>[0;31m1 fails<1b>[0m test_make_datasets.R.......... 9 tests <1b>[0;31m1 fails<1b>[0m test_make_datasets.R.......... 9 tests <1b>[0;31m1 fails<1b>[0m test_make_datasets.R.......... 10 tests <1b>[0;31m1 fails<1b>[0m test_make_datasets.R.......... 10 tests <1b>[0;31m1 fails<1b>[0m test_make_datasets.R.......... 10 tests <1b>[0;31m1 fails<1b>[0m test_make_datasets.R.......... 11 tests <1b>[0;31m1 fails<1b>[0m test_make_datasets.R.......... 11 tests <1b>[0;31m1 fails<1b>[0m test_make_datasets.R.......... 11 tests <1b>[0;31m1 fails<1b>[0m test_make_datasets.R.......... 12 tests <1b>[0;31m1 fails<1b>[0m test_make_datasets.R.......... 12 tests <1b>[0;31m1 fails<1b>[0m test_make_datasets.R.......... 12 tests <1b>[0;31m1 fails<1b>[0m test_make_datasets.R.......... 13 tests <1b>[0;31m1 fails<1b>[0m test_make_datasets.R.......... 14 tests <1b>[0;31m1 fails<1b>[0m <1b>[0;34m10.4s<1b>[0m ----- FAILED[xcpt]: test_make_datasets.R<8--11> call| expect_error(current = make_datasets(destdir = destdir), pattern = "does not exist.$") diff| The error message: diff| 'Assertion on 'path' failed: '/home/hornik/tmp/R.check/r-devel-gcc/Work/build/Packages/inldata/tinytest' not writeable.' diff| does not match pattern 'does not exist.$' Error: 1 out of 36 tests failed In addition: Warning message: attribute variables are assumed to be spatially constant throughout all geometries Execution halted Flavor: r-devel-linux-x86_64-debian-gcc

Version: 1.2.1
Check: installed package size
Result: NOTE installed size is 5.6Mb sub-directories of 1Mb or more: data 5.1Mb Flavors: r-devel-linux-x86_64-fedora-clang, r-devel-windows-x86_64, r-release-macos-arm64, r-release-macos-x86_64, r-release-windows-x86_64, r-oldrel-macos-arm64, r-oldrel-macos-x86_64, r-oldrel-windows-x86_64

Version: 1.2.1
Check: tests
Result: ERROR Running ‘tinytest.R’ [17s/26s] Running the tests in ‘tests/tinytest.R’ failed. Complete output: > if (requireNamespace("tinytest", quietly = TRUE)) { + Sys.setenv(R_TESTS = "") + tinytest::test_package("inldata") + } test_data.R................... 0 tests test_data.R................... 0 tests test_data.R................... 0 tests test_data.R................... 0 tests test_data.R................... 0 tests test_data.R................... 0 tests test_data.R................... 0 tests test_data.R................... 0 tests test_data.R................... 1 tests <1b>[0;32mOK<1b>[0m test_data.R................... 2 tests <1b>[0;32mOK<1b>[0m test_data.R................... 3 tests <1b>[0;32mOK<1b>[0m test_data.R................... 3 tests <1b>[0;32mOK<1b>[0m test_data.R................... 3 tests <1b>[0;32mOK<1b>[0m test_data.R................... 3 tests <1b>[0;32mOK<1b>[0m test_data.R................... 3 tests <1b>[0;32mOK<1b>[0m test_data.R................... 3 tests <1b>[0;32mOK<1b>[0m test_data.R................... 4 tests <1b>[0;32mOK<1b>[0m test_data.R................... 5 tests <1b>[0;32mOK<1b>[0m test_data.R................... 6 tests <1b>[0;32mOK<1b>[0m test_data.R................... 6 tests <1b>[0;32mOK<1b>[0m test_data.R................... 6 tests <1b>[0;32mOK<1b>[0m test_data.R................... 6 tests <1b>[0;32mOK<1b>[0m test_data.R................... 6 tests <1b>[0;32mOK<1b>[0m test_data.R................... 7 tests <1b>[0;32mOK<1b>[0m test_data.R................... 8 tests <1b>[0;32mOK<1b>[0m test_data.R................... 9 tests <1b>[0;32mOK<1b>[0m test_data.R................... 10 tests <1b>[0;32mOK<1b>[0m test_data.R................... 10 tests <1b>[0;32mOK<1b>[0m test_data.R................... 10 tests <1b>[0;32mOK<1b>[0m test_data.R................... 10 tests <1b>[0;32mOK<1b>[0m test_data.R................... 10 tests <1b>[0;32mOK<1b>[0m test_data.R................... 11 tests <1b>[0;32mOK<1b>[0m test_data.R................... 12 tests <1b>[0;32mOK<1b>[0m test_data.R................... 13 tests <1b>[0;32mOK<1b>[0m test_data.R................... 14 tests <1b>[0;32mOK<1b>[0m test_data.R................... 14 tests <1b>[0;32mOK<1b>[0m test_data.R................... 14 tests <1b>[0;32mOK<1b>[0m test_data.R................... 15 tests <1b>[0;32mOK<1b>[0m <1b>[0;34m2.4s<1b>[0m test_functions.R.............. 0 tests test_functions.R.............. 0 tests test_functions.R.............. 0 tests test_functions.R.............. 0 tests test_functions.R.............. 1 tests <1b>[0;32mOK<1b>[0m test_functions.R.............. 1 tests <1b>[0;32mOK<1b>[0m test_functions.R.............. 2 tests <1b>[0;32mOK<1b>[0m test_functions.R.............. 2 tests <1b>[0;32mOK<1b>[0m test_functions.R.............. 3 tests <1b>[0;32mOK<1b>[0m test_functions.R.............. 4 tests <1b>[0;32mOK<1b>[0m test_functions.R.............. 5 tests <1b>[0;32mOK<1b>[0m test_functions.R.............. 5 tests <1b>[0;32mOK<1b>[0m test_functions.R.............. 5 tests <1b>[0;32mOK<1b>[0m test_functions.R.............. 6 tests <1b>[0;32mOK<1b>[0m test_functions.R.............. 6 tests <1b>[0;32mOK<1b>[0m test_functions.R.............. 6 tests <1b>[0;32mOK<1b>[0m test_functions.R.............. 7 tests <1b>[0;32mOK<1b>[0m <1b>[0;34m5.1s<1b>[0m test_make_datasets.R.......... 0 tests test_make_datasets.R.......... 0 tests test_make_datasets.R.......... 0 tests test_make_datasets.R.......... 0 tests TIMESTAMP: 2024-05-19 12:09:34 CEST test_make_datasets.R.......... 1 tests <1b>[0;31m1 fails<1b>[0m test_make_datasets.R.......... 1 tests <1b>[0;31m1 fails<1b>[0m test_make_datasets.R.......... 1 tests <1b>[0;31m1 fails<1b>[0m test_make_datasets.R.......... 1 tests <1b>[0;31m1 fails<1b>[0m test_make_datasets.R.......... 1 tests <1b>[0;31m1 fails<1b>[0m test_make_datasets.R.......... 2 tests <1b>[0;31m1 fails<1b>[0m test_make_datasets.R.......... 2 tests <1b>[0;31m1 fails<1b>[0m test_make_datasets.R.......... 3 tests <1b>[0;31m1 fails<1b>[0m test_make_datasets.R.......... 3 tests <1b>[0;31m1 fails<1b>[0m test_make_datasets.R.......... 3 tests <1b>[0;31m1 fails<1b>[0m test_make_datasets.R.......... 4 tests <1b>[0;31m1 fails<1b>[0m test_make_datasets.R.......... 4 tests <1b>[0;31m1 fails<1b>[0m test_make_datasets.R.......... 4 tests <1b>[0;31m1 fails<1b>[0m test_make_datasets.R.......... 4 tests <1b>[0;31m1 fails<1b>[0m test_make_datasets.R.......... 4 tests <1b>[0;31m1 fails<1b>[0m test_make_datasets.R.......... 5 tests <1b>[0;31m1 fails<1b>[0m test_make_datasets.R.......... 5 tests <1b>[0;31m1 fails<1b>[0m test_make_datasets.R.......... 5 tests <1b>[0;31m1 fails<1b>[0m test_make_datasets.R.......... 6 tests <1b>[0;31m1 fails<1b>[0m test_make_datasets.R.......... 7 tests <1b>[0;31m1 fails<1b>[0m test_make_datasets.R.......... 7 tests <1b>[0;31m1 fails<1b>[0m test_make_datasets.R.......... 8 tests <1b>[0;31m1 fails<1b>[0m test_make_datasets.R.......... 8 tests <1b>[0;31m1 fails<1b>[0m test_make_datasets.R.......... 8 tests <1b>[0;31m1 fails<1b>[0m test_make_datasets.R.......... 8 tests <1b>[0;31m1 fails<1b>[0m test_make_datasets.R.......... 9 tests <1b>[0;31m1 fails<1b>[0m test_make_datasets.R.......... 9 tests <1b>[0;31m1 fails<1b>[0m test_make_datasets.R.......... 9 tests <1b>[0;31m1 fails<1b>[0m test_make_datasets.R.......... 9 tests <1b>[0;31m1 fails<1b>[0m test_make_datasets.R.......... 10 tests <1b>[0;31m1 fails<1b>[0m test_make_datasets.R.......... 10 tests <1b>[0;31m1 fails<1b>[0m test_make_datasets.R.......... 10 tests <1b>[0;31m1 fails<1b>[0m test_make_datasets.R.......... 11 tests <1b>[0;31m1 fails<1b>[0m test_make_datasets.R.......... 11 tests <1b>[0;31m1 fails<1b>[0m test_make_datasets.R.......... 11 tests <1b>[0;31m1 fails<1b>[0m test_make_datasets.R.......... 12 tests <1b>[0;31m1 fails<1b>[0m test_make_datasets.R.......... 12 tests <1b>[0;31m1 fails<1b>[0m test_make_datasets.R.......... 12 tests <1b>[0;31m1 fails<1b>[0m test_make_datasets.R.......... 13 tests <1b>[0;31m1 fails<1b>[0m test_make_datasets.R.......... 14 tests <1b>[0;31m1 fails<1b>[0m <1b>[0;34m7.9s<1b>[0m ----- FAILED[xcpt]: test_make_datasets.R<8--11> call| expect_error(current = make_datasets(destdir = destdir), pattern = "does not exist.$") diff| The error message: diff| 'Assertion on 'path' failed: '/home/hornik/tmp/R.check/r-release-gcc/Work/build/Packages/inldata/tinytest' not writeable.' diff| does not match pattern 'does not exist.$' Error: 1 out of 36 tests failed In addition: Warning message: attribute variables are assumed to be spatially constant throughout all geometries Execution halted Flavor: r-release-linux-x86_64

Version: 1.2.1
Check: package dependencies
Result: NOTE Package suggested but not available for checking: ‘arrow’ Flavor: r-release-macos-x86_64