CRAN Package Check Results for Package inlinedocs

Last updated on 2021-08-03 22:53:26 CEST.

Flavor Version Tinstall Tcheck Ttotal Status Flags
r-devel-linux-x86_64-debian-clang 2019.12.5 5.50 34.54 40.04 OK
r-devel-linux-x86_64-debian-gcc 2019.12.5 4.62 27.22 31.84 OK
r-devel-linux-x86_64-fedora-clang 2019.12.5 57.32 NOTE
r-devel-linux-x86_64-fedora-gcc 2019.12.5 46.35 OK
r-devel-windows-x86_64 2019.12.5 7.00 54.00 61.00 OK
r-devel-windows-x86_64-gcc10-UCRT 1.0 OK
r-patched-linux-x86_64 2019.12.5 4.80 33.40 38.20 OK
r-patched-solaris-x86 2019.12.5 67.50 OK
r-release-linux-x86_64 2019.12.5 4.60 33.52 38.12 OK
r-release-macos-arm64 2019.12.5 OK
r-release-macos-x86_64 2019.12.5 OK
r-release-windows-ix86+x86_64 2019.12.5 10.00 49.00 59.00 OK
r-oldrel-macos-x86_64 2019.12.5 OK
r-oldrel-windows-ix86+x86_64 2019.12.5 6.00 57.00 63.00 OK

Check Details

Version: 2019.12.5
Check: Rd cross-references
Result: NOTE
    Undeclared package ‘R.methodsS3’ in Rd xrefs
Flavor: r-devel-linux-x86_64-fedora-clang