CRAN Package Check Results for Package inops

Last updated on 2024-02-29 22:58:47 CET.

Flavor Version Tinstall Tcheck Ttotal Status Flags
r-devel-linux-x86_64-debian-clang 0.0.1 2.32 32.73 35.05 NOTE
r-devel-linux-x86_64-debian-gcc 0.0.1 1.85 26.00 27.85 NOTE
r-devel-linux-x86_64-fedora-clang 0.0.1 44.21 NOTE
r-devel-linux-x86_64-fedora-gcc 0.0.1 53.77 NOTE
r-devel-windows-x86_64 0.0.1 3.00 48.00 51.00 NOTE
r-patched-linux-x86_64 0.0.1 2.31 32.89 35.20 NOTE
r-release-linux-x86_64 0.0.1 2.42 31.66 34.08 NOTE
r-release-macos-arm64 0.0.1 26.00 NOTE
r-release-macos-x86_64 0.0.1 38.00 NOTE
r-release-windows-x86_64 0.0.1 4.00 49.00 53.00 NOTE
r-oldrel-macos-arm64 0.0.1 23.00 NOTE
r-oldrel-windows-x86_64 0.0.1 4.00 54.00 58.00 NOTE

Check Details

Version: 0.0.1
Check: LazyData
Result: NOTE 'LazyData' is specified without a 'data' directory Flavors: r-devel-linux-x86_64-debian-clang, r-devel-linux-x86_64-debian-gcc, r-devel-linux-x86_64-fedora-clang, r-devel-linux-x86_64-fedora-gcc, r-devel-windows-x86_64, r-patched-linux-x86_64, r-release-linux-x86_64, r-release-macos-arm64, r-release-macos-x86_64, r-release-windows-x86_64, r-oldrel-macos-arm64, r-oldrel-windows-x86_64