CRAN Package Check Results for Package inplace

Last updated on 2024-03-02 22:41:56 CET.

Flavor Version Tinstall Tcheck Ttotal Status Flags
r-devel-linux-x86_64-debian-clang 0.1.2 130.02 34.18 164.20 NOTE
r-devel-linux-x86_64-debian-gcc 0.1.2 95.98 26.41 122.39 NOTE
r-devel-linux-x86_64-fedora-clang 0.1.2 247.56 NOTE
r-devel-linux-x86_64-fedora-gcc 0.1.2 231.84 NOTE
r-devel-windows-x86_64 0.1.2 89.00 71.00 160.00 NOTE
r-patched-linux-x86_64 0.1.2 115.14 33.60 148.74 NOTE
r-release-linux-x86_64 0.1.2 114.93 33.26 148.19 NOTE
r-release-macos-arm64 0.1.2 49.00 NOTE
r-release-macos-x86_64 0.1.2 94.00 NOTE
r-release-windows-x86_64 0.1.2 86.00 79.00 165.00 NOTE
r-oldrel-macos-arm64 0.1.2 48.00 NOTE
r-oldrel-windows-x86_64 0.1.2 107.00 78.00 185.00 NOTE

Check Details

Version: 0.1.2
Check: LazyData
Result: NOTE 'LazyData' is specified without a 'data' directory Flavors: r-devel-linux-x86_64-debian-clang, r-devel-linux-x86_64-debian-gcc, r-devel-linux-x86_64-fedora-clang, r-devel-linux-x86_64-fedora-gcc, r-devel-windows-x86_64, r-patched-linux-x86_64, r-release-linux-x86_64, r-release-macos-arm64, r-release-macos-x86_64, r-release-windows-x86_64, r-oldrel-macos-arm64, r-oldrel-windows-x86_64