Last updated on 2023-09-26 23:04:16 CEST.
Flavor | Version | Tinstall | Tcheck | Ttotal | Status | Flags |
---|---|---|---|---|---|---|
r-devel-linux-x86_64-debian-clang | 0.1.2 | 124.29 | 34.32 | 158.61 | NOTE | |
r-devel-linux-x86_64-debian-gcc | 0.1.2 | 79.07 | 26.68 | 105.75 | NOTE | |
r-devel-linux-x86_64-fedora-clang | 0.1.2 | 248.58 | NOTE | |||
r-devel-linux-x86_64-fedora-gcc | 0.1.2 | 235.23 | NOTE | |||
r-devel-windows-x86_64 | 0.1.2 | 82.00 | 70.00 | 152.00 | NOTE | |
r-patched-linux-x86_64 | 0.1.2 | 117.26 | 32.77 | 150.03 | NOTE | |
r-release-linux-x86_64 | 0.1.2 | 116.69 | 33.51 | 150.20 | NOTE | |
r-release-macos-arm64 | 0.1.2 | 49.00 | NOTE | |||
r-release-macos-x86_64 | 0.1.2 | 94.00 | NOTE | |||
r-release-windows-x86_64 | 0.1.2 | 90.00 | 77.00 | 167.00 | NOTE | |
r-oldrel-macos-arm64 | 0.1.2 | 48.00 | NOTE | |||
r-oldrel-macos-x86_64 | 0.1.2 | 65.00 | NOTE | |||
r-oldrel-windows-x86_64 | 0.1.2 | 106.00 | 75.00 | 181.00 | NOTE |
Version: 0.1.2
Check: LazyData
Result: NOTE
'LazyData' is specified without a 'data' directory
Flavors: r-devel-linux-x86_64-debian-clang, r-devel-linux-x86_64-debian-gcc, r-devel-linux-x86_64-fedora-clang, r-devel-linux-x86_64-fedora-gcc, r-devel-windows-x86_64, r-patched-linux-x86_64, r-release-linux-x86_64, r-release-macos-arm64, r-release-macos-x86_64, r-release-windows-x86_64, r-oldrel-macos-arm64, r-oldrel-macos-x86_64, r-oldrel-windows-x86_64