CRAN Package Check Results for Package insight

Last updated on 2021-05-15 22:50:14 CEST.

Flavor Version Tinstall Tcheck Ttotal Status Flags
r-devel-linux-x86_64-debian-clang 0.14.0 21.98 327.88 349.86 OK
r-devel-linux-x86_64-debian-gcc 0.14.0 19.43 239.30 258.73 OK
r-devel-linux-x86_64-fedora-clang 0.14.0 437.48 OK
r-devel-linux-x86_64-fedora-gcc 0.14.0 439.45 OK
r-devel-windows-ix86+x86_64 0.14.0 38.00 396.00 434.00 OK
r-devel-windows-x86_64-gcc10-UCRT 0.14.0 OK
r-patched-linux-x86_64 0.14.0 22.93 308.99 331.92 OK
r-patched-solaris-x86 0.14.0 524.30 OK
r-release-linux-x86_64 0.14.0 21.63 310.36 331.99 OK
r-release-macos-x86_64 0.14.0 ERROR
r-release-windows-ix86+x86_64 0.14.0 30.00 270.00 300.00 OK
r-oldrel-macos-x86_64 0.14.0 OK
r-oldrel-windows-ix86+x86_64 0.14.0 30.00 269.00 299.00 OK

Check Details

Version: 0.14.0
Check: tests
Result: ERROR
     Running ‘spelling.R’ [0s/0s]
     Running ‘testthat.R’ [26s/27s]
    Running the tests in ‘tests/testthat.R’ failed.
    Last 13 lines of output:
     14: tryCatch(withCallingHandlers({ eval(code, test_env) if (!handled && !is.null(test)) { skip_empty() }}, expectation = handle_expectation, skip = handle_skip, warning = handle_warning, message = handle_message, error = handle_error), error = handle_fatal, skip = function(e) { })
     15: test_code(NULL, exprs, env)
     16: source_file(path, child_env(env), wrap = wrap)
     17: FUN(X[[i]], ...)
     18: lapply(test_paths, test_one_file, env = env, wrap = wrap)
     19: force(code)
     20: doWithOneRestart(return(expr), restart)
     21: withOneRestart(expr, restarts[[1L]])
     22: withRestarts(testthat_abort_reporter = function() NULL, force(code))
     23: with_reporter(reporters$multi, lapply(test_paths, test_one_file, env = env, wrap = wrap))
     24: test_files(test_dir = test_dir, test_package = test_package, test_paths = test_paths, load_helpers = load_helpers, reporter = reporter, env = env, stop_on_failure = stop_on_failure, stop_on_warning = stop_on_warning, wrap = wrap, load_package = load_package)
     25: test_files(test_dir = path, test_paths = test_paths, test_package = package, reporter = reporter, load_helpers = load_helpers, env = env, stop_on_failure = stop_on_failure, stop_on_warning = stop_on_warning, wrap = wrap, load_package = load_package, parallel = parallel)
     26: test_dir("testthat", package = package, reporter = reporter, ..., load_package = "installed")
     27: test_check("insight")
     An irrecoverable exception occurred. R is aborting now ...
Flavor: r-release-macos-x86_64