CRAN Package Check Results for Package intamapInteractive

Last updated on 2019-08-23 22:50:01 CEST.

Flavor Version Tinstall Tcheck Ttotal Status Flags
r-devel-linux-x86_64-debian-clang 1.1-12 16.71 172.52 189.23 OK
r-devel-linux-x86_64-debian-gcc 1.1-12 OK
r-devel-linux-x86_64-fedora-clang 1.1-12 226.79 OK
r-devel-linux-x86_64-fedora-gcc 1.1-12 228.05 OK
r-devel-windows-ix86+x86_64 1.1-12 25.00 6.00 31.00 ERROR
r-patched-linux-x86_64 1.1-12 13.84 166.64 180.48 OK
r-patched-solaris-x86 1.1-12 352.10 OK
r-release-linux-x86_64 1.1-12 15.87 168.06 183.93 OK
r-release-windows-ix86+x86_64 1.1-12 54.00 223.00 277.00 OK
r-release-osx-x86_64 1.1-12 OK
r-oldrel-windows-ix86+x86_64 1.1-12 35.00 240.00 275.00 OK
r-oldrel-osx-x86_64 1.1-12 OK

Check Details

Version: 1.1-12
Check: whether package can be installed
Result: ERROR
    Installation failed.
Flavor: r-devel-windows-ix86+x86_64