Last updated on 2024-04-19 22:55:49 CEST.
Flavor | Version | Tinstall | Tcheck | Ttotal | Status | Flags |
---|---|---|---|---|---|---|
r-devel-linux-x86_64-debian-clang | 0.1.3 | 68.15 | 42.53 | 110.68 | NOTE | |
r-devel-linux-x86_64-debian-gcc | 0.1.3 | NOTE | ||||
r-devel-linux-x86_64-fedora-clang | 0.1.3 | 159.29 | NOTE | |||
r-devel-linux-x86_64-fedora-gcc | 0.1.3 | 184.53 | NOTE | |||
r-prerel-macos-arm64 | 0.1.3 | 44.00 | NOTE | |||
r-prerel-windows-x86_64 | 0.1.3 | 58.00 | 86.00 | 144.00 | NOTE | |
r-patched-linux-x86_64 | 0.1.3 | 78.11 | 46.30 | 124.41 | NOTE | |
r-release-linux-x86_64 | 0.1.3 | 74.43 | 43.81 | 118.24 | NOTE | |
r-release-macos-arm64 | 0.1.3 | 52.00 | NOTE | |||
r-release-macos-x86_64 | 0.1.3 | 79.00 | NOTE | |||
r-release-windows-x86_64 | 0.1.3 | 65.00 | 95.00 | 160.00 | NOTE | |
r-oldrel-macos-arm64 | 0.1.3 | 40.00 | NOTE | |||
r-oldrel-windows-x86_64 | 0.1.3 | 69.00 | 93.00 | 162.00 | OK |
Version: 0.1.3
Check: C++ specification
Result: NOTE
Specified C++11: please drop specification unless essential
Flavors: r-devel-linux-x86_64-debian-clang, r-devel-linux-x86_64-debian-gcc, r-devel-linux-x86_64-fedora-clang, r-devel-linux-x86_64-fedora-gcc, r-prerel-macos-arm64, r-prerel-windows-x86_64, r-patched-linux-x86_64, r-release-linux-x86_64, r-release-macos-arm64, r-release-macos-x86_64, r-release-windows-x86_64
Version: 0.1.3
Check: installed package size
Result: NOTE
installed size is 17.5Mb
sub-directories of 1Mb or more:
libs 17.3Mb
Flavors: r-prerel-macos-arm64, r-release-macos-arm64, r-release-macos-x86_64, r-oldrel-macos-arm64