CRAN Package Check Results for Package intensity.analysis

Last updated on 2020-02-24 22:50:26 CET.

Flavor Version Tinstall Tcheck Ttotal Status Flags
r-devel-linux-x86_64-debian-clang 0.1.6 9.82 125.98 135.80 OK
r-devel-linux-x86_64-debian-gcc 0.1.6 9.31 94.75 104.06 OK
r-devel-linux-x86_64-fedora-clang 0.1.6 162.35 NOTE
r-devel-linux-x86_64-fedora-gcc 0.1.6 157.59 NOTE
r-devel-windows-ix86+x86_64 0.1.6 22.00 122.00 144.00 OK
r-devel-windows-ix86+x86_64-gcc8 0.1.6 32.00 172.00 204.00 OK
r-patched-linux-x86_64 0.1.6 8.67 109.33 118.00 OK
r-patched-solaris-x86 0.1.6 222.30 NOTE
r-release-linux-x86_64 0.1.6 8.14 107.64 115.78 OK
r-release-windows-ix86+x86_64 0.1.6 20.00 110.00 130.00 OK
r-release-osx-x86_64 0.1.6 NOTE
r-oldrel-windows-ix86+x86_64 0.1.6 14.00 118.00 132.00 OK
r-oldrel-osx-x86_64 0.1.6 NOTE

Check Details

Version: 0.1.6
Check: dependencies in R code
Result: NOTE
    Namespace in Imports field not imported from: ‘grDevices’
     All declared Imports should be used.
Flavors: r-devel-linux-x86_64-fedora-clang, r-devel-linux-x86_64-fedora-gcc, r-patched-solaris-x86, r-release-osx-x86_64, r-oldrel-osx-x86_64