Last updated on 2023-09-25 22:12:41 CEST.
Flavor | Version | Tinstall | Tcheck | Ttotal | Status | Flags |
---|---|---|---|---|---|---|
r-devel-linux-x86_64-debian-clang | 1.1-5 | 7.80 | 73.58 | 81.38 | NOTE | |
r-devel-linux-x86_64-debian-gcc | 1.1-5 | 7.05 | 56.55 | 63.60 | NOTE | |
r-devel-linux-x86_64-fedora-clang | 1.1-5 | 100.89 | NOTE | |||
r-devel-linux-x86_64-fedora-gcc | 1.1-5 | 97.05 | NOTE | |||
r-devel-windows-x86_64 | 1.1-5 | 10.00 | 74.00 | 84.00 | NOTE | |
r-patched-linux-x86_64 | 1.1-5 | 6.84 | 70.99 | 77.83 | OK | |
r-release-linux-x86_64 | 1.1-5 | 8.21 | 70.26 | 78.47 | OK | |
r-release-macos-arm64 | 1.1-5 | 38.00 | OK | |||
r-release-macos-x86_64 | 1.1-5 | 61.00 | OK | |||
r-release-windows-x86_64 | 1.1-5 | 10.00 | 94.00 | 104.00 | OK | |
r-oldrel-macos-arm64 | 1.1-5 | 36.00 | OK | |||
r-oldrel-macos-x86_64 | 1.1-5 | 48.00 | OK | |||
r-oldrel-windows-x86_64 | 1.1-5 | 12.00 | 96.00 | 108.00 | OK |
Version: 1.1-5
Check: Rd \usage sections
Result: NOTE
Documented arguments not in \usage in documentation object 'rawAvgCost-deprecated':
‘cost.transf’ ‘in.millions’ ‘confidence.interval’ ‘minimum.year’
‘maximum.year’ ‘final.year’ ‘incomplete.year.threshold’
‘incomplete.year.weights’ ‘gam.k’ ‘mars.nprune’ ‘...’
Functions with \usage entries need to have the appropriate \alias
entries, and all their arguments documented.
The \usage entries must correspond to syntactically valid R code.
See chapter ‘Writing R documentation files’ in the ‘Writing R
Extensions’ manual.
Flavors: r-devel-linux-x86_64-debian-clang, r-devel-linux-x86_64-debian-gcc, r-devel-linux-x86_64-fedora-clang, r-devel-linux-x86_64-fedora-gcc, r-devel-windows-x86_64
Version: 1.1-5
Check: data for non-ASCII characters
Result: NOTE
Note: found 12106 marked UTF-8 strings
Flavors: r-devel-linux-x86_64-fedora-clang, r-devel-linux-x86_64-fedora-gcc