CRAN Package Check Results for Package invacost

Last updated on 2022-09-27 23:08:42 CEST.

Flavor Version Tinstall Tcheck Ttotal Status Flags
r-devel-linux-x86_64-debian-clang 1.1-4 9.07 80.88 89.95 OK
r-devel-linux-x86_64-debian-gcc 1.1-4 6.85 62.71 69.56 OK
r-devel-linux-x86_64-fedora-clang 1.1-4 119.35 NOTE
r-devel-linux-x86_64-fedora-gcc 1.1-4 115.57 NOTE
r-devel-windows-x86_64 1.1-4 22.00 118.00 140.00 OK
r-patched-linux-x86_64 1.1-4 7.60 72.75 80.35 OK
r-release-linux-x86_64 1.1-4 7.78 75.04 82.82 OK
r-release-macos-arm64 1.1-4 34.00 NOTE
r-release-macos-x86_64 1.1-4 63.00 NOTE
r-release-windows-x86_64 1.1-4 17.00 110.00 127.00 OK
r-oldrel-macos-arm64 1.1-4 31.00 NOTE
r-oldrel-macos-x86_64 1.1-4 44.00 NOTE
r-oldrel-windows-ix86+x86_64 1.1-4 19.00 105.00 124.00 OK

Check Details

Version: 1.1-4
Check: data for non-ASCII characters
Result: NOTE
     Note: found 12106 marked UTF-8 strings
Flavors: r-devel-linux-x86_64-fedora-clang, r-devel-linux-x86_64-fedora-gcc, r-release-macos-arm64, r-release-macos-x86_64, r-oldrel-macos-arm64, r-oldrel-macos-x86_64