CRAN Package Check Results for Package invctr

Last updated on 2021-11-30 22:54:34 CET.

Flavor Version Tinstall Tcheck Ttotal Status Flags
r-devel-linux-x86_64-debian-clang 0.1.0 2.97 30.96 33.93 NOTE
r-devel-linux-x86_64-debian-gcc 0.1.0 2.17 26.27 28.44 NOTE
r-devel-linux-x86_64-fedora-clang 0.1.0 51.58 NOTE
r-devel-linux-x86_64-fedora-gcc 0.1.0 41.75 NOTE
r-devel-windows-x86_64-new-UL 0.1.0 8.00 75.00 83.00 NOTE
r-devel-windows-x86_64-new-TK 0.1.0 NOTE
r-devel-windows-x86_64-old 0.1.0 5.00 40.00 45.00 NOTE
r-patched-linux-x86_64 0.1.0 2.88 30.32 33.20 NOTE
r-patched-solaris-x86 0.1.0 61.30 NOTE
r-release-linux-x86_64 0.1.0 2.75 30.43 33.18 NOTE
r-release-macos-arm64 0.1.0 NOTE
r-release-macos-x86_64 0.1.0 NOTE
r-release-windows-ix86+x86_64 0.1.0 6.00 37.00 43.00 NOTE
r-oldrel-macos-x86_64 0.1.0 OK
r-oldrel-windows-ix86+x86_64 0.1.0 5.00 51.00 56.00 OK

Check Details

Version: 0.1.0
Check: LazyData
Result: NOTE
     'LazyData' is specified without a 'data' directory
Flavors: r-devel-linux-x86_64-debian-clang, r-devel-linux-x86_64-debian-gcc, r-devel-linux-x86_64-fedora-clang, r-devel-linux-x86_64-fedora-gcc, r-devel-windows-x86_64-new-UL, r-devel-windows-x86_64-new-TK, r-devel-windows-x86_64-old, r-patched-linux-x86_64, r-patched-solaris-x86, r-release-linux-x86_64, r-release-macos-arm64, r-release-macos-x86_64, r-release-windows-ix86+x86_64