CRAN Package Check Results for Package io

Last updated on 2024-06-13 22:49:31 CEST.

Flavor Version Tinstall Tcheck Ttotal Status Flags
r-devel-linux-x86_64-debian-clang 0.3.2 5.60 43.28 48.88 OK
r-devel-linux-x86_64-debian-gcc 0.3.2 0.36 1.69 2.05 ERROR
r-devel-linux-x86_64-fedora-clang 0.3.2 59.34 OK
r-devel-linux-x86_64-fedora-gcc 0.3.2 56.61 OK
r-devel-windows-x86_64 0.3.2 6.00 51.00 57.00 OK
r-patched-linux-x86_64 0.3.2 5.43 41.58 47.01 OK
r-release-linux-x86_64 0.3.2 4.67 41.14 45.81 OK
r-release-macos-arm64 0.3.2 20.00 OK
r-release-macos-x86_64 0.3.2 41.00 OK
r-release-windows-x86_64 0.3.2 5.00 54.00 59.00 OK
r-oldrel-macos-arm64 0.3.2 22.00 NOTE
r-oldrel-macos-x86_64 0.3.2 30.00 NOTE
r-oldrel-windows-x86_64 0.3.2 6.00 57.00 63.00 OK

Check Details

Version: 0.3.2
Check: package dependencies
Result: ERROR Package required but not available: ‘stringr’ Package suggested but not available for checking: ‘testthat’ See section ‘The DESCRIPTION file’ in the ‘Writing R Extensions’ manual. Flavor: r-devel-linux-x86_64-debian-gcc

Version: 0.3.2
Check: package dependencies
Result: NOTE Package suggested but not available for checking: ‘rhdf5’ Flavors: r-oldrel-macos-arm64, r-oldrel-macos-x86_64