Last updated on 2023-09-22 23:05:01 CEST.
Flavor | Version | Tinstall | Tcheck | Ttotal | Status | Flags |
---|---|---|---|---|---|---|
r-devel-linux-x86_64-debian-clang | 0.3.2 | 3.89 | 42.20 | 46.09 | OK | |
r-devel-linux-x86_64-debian-gcc | 0.3.2 | 3.80 | 32.83 | 36.63 | OK | |
r-devel-linux-x86_64-fedora-clang | 0.3.2 | 61.01 | OK | |||
r-devel-linux-x86_64-fedora-gcc | 0.3.2 | 57.42 | OK | |||
r-devel-windows-x86_64 | 0.3.2 | 6.00 | 54.00 | 60.00 | OK | |
r-patched-linux-x86_64 | 0.3.2 | 4.81 | 41.74 | 46.55 | OK | |
r-release-linux-x86_64 | 0.3.2 | 4.17 | 41.52 | 45.69 | OK | |
r-release-macos-arm64 | 0.3.2 | 22.00 | NOTE | |||
r-release-macos-x86_64 | 0.3.2 | 30.00 | NOTE | |||
r-release-windows-x86_64 | 0.3.2 | 7.00 | 55.00 | 62.00 | OK | |
r-oldrel-macos-arm64 | 0.3.2 | 21.00 | NOTE | |||
r-oldrel-macos-x86_64 | 0.3.2 | 26.00 | OK | |||
r-oldrel-windows-x86_64 | 0.3.2 | 7.00 | 62.00 | 69.00 | OK |
Version: 0.3.2
Check: package dependencies
Result: NOTE
Package suggested but not available for checking: ‘rhdf5’
Flavors: r-release-macos-arm64, r-release-macos-x86_64, r-oldrel-macos-arm64