CRAN Package Check Results for Package ionr

Last updated on 2024-04-13 21:41:40 CEST.

Flavor Version Tinstall Tcheck Ttotal Status Flags
r-devel-linux-x86_64-debian-clang 0.3.0 3.12 38.92 42.04 NOTE
r-devel-linux-x86_64-debian-gcc 0.3.0 2.41 29.54 31.95 NOTE
r-devel-linux-x86_64-fedora-clang 0.3.0 53.26 NOTE
r-devel-linux-x86_64-fedora-gcc 0.3.0 48.83 NOTE
r-devel-windows-x86_64 0.3.0 4.00 51.00 55.00 NOTE
r-patched-linux-x86_64 0.3.0 3.16 36.43 39.59 NOTE
r-release-linux-x86_64 0.3.0 3.16 38.36 41.52 NOTE
r-release-macos-arm64 0.3.0 19.00 NOTE
r-release-macos-x86_64 0.3.0 30.00 NOTE
r-release-windows-x86_64 0.3.0 4.00 52.00 56.00 NOTE
r-oldrel-macos-arm64 0.3.0 19.00 NOTE
r-oldrel-windows-x86_64 0.3.0 4.00 56.00 60.00 NOTE

Check Details

Version: 0.3.0
Check: LazyData
Result: NOTE 'LazyData' is specified without a 'data' directory Flavors: r-devel-linux-x86_64-debian-clang, r-devel-linux-x86_64-debian-gcc, r-devel-linux-x86_64-fedora-clang, r-devel-linux-x86_64-fedora-gcc, r-devel-windows-x86_64, r-patched-linux-x86_64, r-release-linux-x86_64, r-release-macos-arm64, r-release-macos-x86_64, r-release-windows-x86_64, r-oldrel-macos-arm64, r-oldrel-windows-x86_64